{"id":1509,"date":"2025-06-03T09:01:37","date_gmt":"2025-06-03T07:01:37","guid":{"rendered":"https:\/\/diversityspace.de\/?page_id=1509"},"modified":"2025-07-14T11:41:47","modified_gmt":"2025-07-14T09:41:47","slug":"spielen-und-spiel-als-analysrichtung-fuer-diversitaetsreflexivitaet","status":"publish","type":"page","link":"https:\/\/diversityspace.de\/?page_id=1509","title":{"rendered":"Spielen und Spiel als Analysrichtung f\u00fcr Diversit\u00e4tsreflexivit\u00e4t"},"content":{"rendered":"\n<p>Zitiervorschlag: Garbade, Svenja\/Kaya, Eda (2024): Spielen und Spiel als Analysrichtung f\u00fcr Diversit\u00e4tsreflexivit\u00e4t. Analysegegenstand: Schwarze Puppe Brandy von Vestida de Azul. Hildesheim: Universit\u00e4tsverlag Hildesheim. https:\/\/doi.org\/10.18442\/275\u00a0<\/p>\n\n\n\n<div data-wp-interactive=\"core\/file\" class=\"wp-block-file\"><object data-wp-bind--hidden=\"!state.hasPdfPreview\" hidden class=\"wp-block-file__embed\" data=\"https:\/\/diversityspace.de\/wp-content\/uploads\/2025\/06\/2024_Garbade_Kaya_Schwarze_Puppe_Brandy_SPA.pdf\" type=\"application\/pdf\" style=\"width:100%;height:600px\" aria-label=\"Einbettung von 2024_Garbade_Kaya_Schwarze_Puppe_Brandy_SPA.\"><\/object><a id=\"wp-block-file--media-f97f309b-f5d2-4e17-a354-80ab72844849\" href=\"https:\/\/diversityspace.de\/wp-content\/uploads\/2025\/06\/2024_Garbade_Kaya_Schwarze_Puppe_Brandy_SPA.pdf\">2024_Garbade_Kaya_Schwarze_Puppe_Brandy_SPA<\/a><a href=\"https:\/\/diversityspace.de\/wp-content\/uploads\/2025\/06\/2024_Garbade_Kaya_Schwarze_Puppe_Brandy_SPA.pdf\" class=\"wp-block-file__button wp-element-button\" download aria-describedby=\"wp-block-file--media-f97f309b-f5d2-4e17-a354-80ab72844849\">Herunterladen<\/a><\/div>\n","protected":false},"excerpt":{"rendered":"<p>Zitiervorschlag: Garbade, Svenja\/Kaya, Eda (2024): Spielen und Spiel als Analysrichtung f\u00fcr Diversit\u00e4tsreflexivit\u00e4t. Analysegegenstand: Schwarze Puppe Brandy von Vestida de Azul. Hildesheim: Universit\u00e4tsverlag Hildesheim. https:\/\/doi.org\/10.18442\/275\u00a0<\/p>\n","protected":false},"author":154,"featured_media":0,"parent":0,"menu_order":0,"comment_status":"closed","ping_status":"closed","template":"","meta":{"footnotes":""},"class_list":["post-1509","page","type-page","status-publish","hentry"],"_links":{"self":[{"href":"https:\/\/diversityspace.de\/index.php?rest_route=\/wp\/v2\/pages\/1509","targetHints":{"allow":["GET"]}}],"collection":[{"href":"https:\/\/diversityspace.de\/index.php?rest_route=\/wp\/v2\/pages"}],"about":[{"href":"https:\/\/diversityspace.de\/index.php?rest_route=\/wp\/v2\/types\/page"}],"author":[{"embeddable":true,"href":"https:\/\/diversityspace.de\/index.php?rest_route=\/wp\/v2\/users\/154"}],"replies":[{"embeddable":true,"href":"https:\/\/diversityspace.de\/index.php?rest_route=%2Fwp%2Fv2%2Fcomments&post=1509"}],"version-history":[{"count":2,"href":"https:\/\/diversityspace.de\/index.php?rest_route=\/wp\/v2\/pages\/1509\/revisions"}],"predecessor-version":[{"id":1545,"href":"https:\/\/diversityspace.de\/index.php?rest_route=\/wp\/v2\/pages\/1509\/revisions\/1545"}],"wp:attachment":[{"href":"https:\/\/diversityspace.de\/index.php?rest_route=%2Fwp%2Fv2%2Fmedia&parent=1509"}],"curies":[{"name":"wp","href":"https:\/\/api.w.org\/{rel}","templated":true}]}}