{"id":265,"date":"2021-06-01T09:12:09","date_gmt":"2021-06-01T07:12:09","guid":{"rendered":"https:\/\/diversityspace.de\/?page_id=265"},"modified":"2024-01-18T13:05:42","modified_gmt":"2024-01-18T12:05:42","slug":"diversitaetsreflexive-materialien-in-der-kindheitspaedagogik","status":"publish","type":"page","link":"https:\/\/diversityspace.de\/?page_id=265","title":{"rendered":"Diversit\u00e4tsreflexive Materialien in der Kindheitsp\u00e4dagogik"},"content":{"rendered":"\n<p>In der Kindheit nehmen Dinge eine hohe Bedeutung ein, denn Grundlage kindheitsp\u00e4dagogischer Arbeit ist die Bereitstellung (didaktischer) Materialien, die das Lernen der Kinder anregen. Diese werden in Bezug auf Diversit\u00e4t kritisch angefragt. F\u00fcr die kindheitsp\u00e4dagogische Lehre liegen bislang keine Konzepte zur Vermittlung von Diversit\u00e4tsreflexivit\u00e4t in Bezug auf die Dinge der Kindheit vor. Das Projekt der Diversit\u00e4tswerkstatt Kindheitsp\u00e4dagogik (DivSpace) schafft eine theoretische Sensibilisierung in Bezug auf Diversit\u00e4tskategorien durch die Analyse von Materialen. Mit Studierenden werden gemeinsam diversit\u00e4tsreflexive Handlungsplanungen f\u00fcr die p\u00e4dagogische Praxis entworfen. In DivSpace wird ein kollaboratives Lehr-Lern-Konzept zum Umgang mit diversit\u00e4tsreflexiven<br>Materialien entwickelt, umgesetzt und evaluiert. Das Konzept integriert im Sinne von Lernwerkst\u00e4tten unterschiedliche analytische Zug\u00e4nge zu den Dingen, nutzt dabei einen mobilen Materialfundus und stellt Lernmaterialien online bereit. Der Kompetenzzuwachs wird durch Peer Assessments und durch kompetenzorientierte Interviews \u00fcberpr\u00fcft und in Methoden der kompetenzorientierten Pr\u00fcfungsdidaktik \u00fcbersetzt. Die Diversit\u00e4tswerkstatt wird langfristig in der Lehre verankert und auch anderen Studieng\u00e4ngen digital zur Verf\u00fcgung gestellt.<\/p>\n\n\n\n<p>Seit der Entstehung von p\u00e4dagogischen Einrichtungen in der fr\u00fchen Kindheit spielen mehr oder weniger didaktisch<br>vorstrukturierte Materialien eine prominente Rolle. Beispielsweise sahen Fr\u00f6bel und Montessori Spiel- und Besch\u00e4ftigungsmaterialien als wichtige Schl\u00fcssel an, die selbstt\u00e4tige Lernen der Kinder zu unterst\u00fctzen (Stieve 2019). Im Kontext von Debatten um Diversit\u00e4t und Inklusion wird die Bedeutung von Materialien f\u00fcr die Verbesserung von Teilhabechancen immer wieder hervorgehoben und aber auch auf ihren impliziten Gehalt von stereotypen Repr\u00e4sentationen hin kritisiert (Wagner 2013). Ob die bereitgestellten Materialien auch in der Lage sind, nicht nur die Vielfalt kindlicher und famili\u00e4rer Lebensweisen und Erfahrungen zu repr\u00e4sentieren, sondern auch eine diversit\u00e4tsreflexive p\u00e4dagogische Arbeit in kindheitsp\u00e4dagogischen Einrichtungen anzuregen, ist noch nicht abschlie\u00dfend gekl\u00e4rt (Kon\u00e9 2017). Diese \u00dcberlegungen sind relevant, da Studien auf die Notwendigkeit diversit\u00e4tsreflexiver Professionalisierung hinweisen (Cloos 2015; Garbade 2021). W\u00e4hrend f\u00fcr die kindheitsp\u00e4dagogische Praxis mittlerweile Vorschl\u00e4ge vorliegen, wie dort Diversit\u00e4t Ber\u00fccksichtigung finden kann (Wagner 2013), sind Vorschl\u00e4ge f\u00fcr die Vermittlung von Diversit\u00e4tsreflexivit\u00e4t im Kontext kindheitsp\u00e4dagogischer<br>Qualifizierung an der Hochschule wenig entwickelt (Haude\/Volk 2015). Es fehlt an qualifizierten Analysen der Materialien in Bezug auf Diversit\u00e4tsreflexivit\u00e4t. DivSpace greift diese L\u00fccke auf und hat zum Ziel, die Analyse dieser Materialien f\u00fcr die Qualifizierung f\u00fcr eine diversit\u00e4tsreflexive kindheitsp\u00e4dagogische Praxis zu nutzen. Unter Diversit\u00e4tsreflexivit\u00e4t wird das Wissen um die p\u00e4dagogische Bedeutung von Differenzkonstruktionen sowie um deren<br>Wirkungen auf Subjekte gefasst. Sie erm\u00f6glicht unter Anerkennung von Vielfalt die Effekte von Unterscheidungen mit Macht- und Herrschaftsmechanismen zu reflektieren. Weniger repr\u00e4sentierten Gruppen soll die Repr\u00e4sentation durch privilegiertere Gruppen erm\u00f6glicht werden. In Bezug auf die Dinge der Kindheit gilt es, Materialien in Bezug auf theoretische Konzepte (Boger 2019) zu analysieren und zu bewerten und eigene Handlungspl\u00e4ne f\u00fcr einen diversit\u00e4tsreflexiven Materialumgang im Rahmen kollaborativen Lernens zu entwerfen. Ziel insgesamt ist, der Entwurf, die Erprobung und die nachhaltige Bereitstellung des Lehrkonzeptes einer Diversit\u00e4tswerkstatt Kindheitsp\u00e4dagogik offline und online.<\/p>\n\n\n<div class=\"wp-block-image\">\n<figure class=\"aligncenter size-large is-resized\"><img fetchpriority=\"high\" decoding=\"async\" width=\"1024\" height=\"183\" src=\"https:\/\/diversityspace.de\/wp-content\/uploads\/2024\/01\/Nutzungsfelder_DivSpace-2-1024x183.png\" alt=\"\" class=\"wp-image-1127\" style=\"width:805px;height:auto\" srcset=\"https:\/\/diversityspace.de\/wp-content\/uploads\/2024\/01\/Nutzungsfelder_DivSpace-2-1024x183.png 1024w, https:\/\/diversityspace.de\/wp-content\/uploads\/2024\/01\/Nutzungsfelder_DivSpace-2-300x54.png 300w, https:\/\/diversityspace.de\/wp-content\/uploads\/2024\/01\/Nutzungsfelder_DivSpace-2-768x137.png 768w, https:\/\/diversityspace.de\/wp-content\/uploads\/2024\/01\/Nutzungsfelder_DivSpace-2-200x36.png 200w, https:\/\/diversityspace.de\/wp-content\/uploads\/2024\/01\/Nutzungsfelder_DivSpace-2-416x74.png 416w, https:\/\/diversityspace.de\/wp-content\/uploads\/2024\/01\/Nutzungsfelder_DivSpace-2.png 1142w\" sizes=\"(max-width: 1024px) 100vw, 1024px\" \/><figcaption class=\"wp-element-caption\"><strong>Nutzungsfelder von DivSpace<\/strong><\/figcaption><\/figure>\n<\/div>\n\n\n<div class=\"wp-block-buttons is-layout-flex wp-block-buttons-is-layout-flex\">\n<div class=\"wp-block-button\"><a class=\"wp-block-button__link has-pale-ocean-gradient-background has-background wp-element-button\" href=\"https:\/\/diversityspace.de\/?page_id=295\">N\u00e4chste Seite<\/a><\/div>\n<\/div>\n","protected":false},"excerpt":{"rendered":"<p>In der Kindheit nehmen Dinge eine hohe Bedeutung ein, denn Grundlage kindheitsp\u00e4dagogischer Arbeit ist die Bereitstellung (didaktischer) Materialien, die das Lernen der Kinder anregen. Diese werden in Bezug auf Diversit\u00e4t kritisch angefragt. F\u00fcr die kindheitsp\u00e4dagogische Lehre liegen bislang keine Konzepte zur Vermittlung von Diversit\u00e4tsreflexivit\u00e4t in Bezug auf die Dinge der Kindheit vor. Das Projekt der [&hellip;]<\/p>\n","protected":false},"author":51,"featured_media":0,"parent":0,"menu_order":0,"comment_status":"closed","ping_status":"closed","template":"","meta":{"footnotes":""},"class_list":["post-265","page","type-page","status-publish","hentry"],"_links":{"self":[{"href":"https:\/\/diversityspace.de\/index.php?rest_route=\/wp\/v2\/pages\/265","targetHints":{"allow":["GET"]}}],"collection":[{"href":"https:\/\/diversityspace.de\/index.php?rest_route=\/wp\/v2\/pages"}],"about":[{"href":"https:\/\/diversityspace.de\/index.php?rest_route=\/wp\/v2\/types\/page"}],"author":[{"embeddable":true,"href":"https:\/\/diversityspace.de\/index.php?rest_route=\/wp\/v2\/users\/51"}],"replies":[{"embeddable":true,"href":"https:\/\/diversityspace.de\/index.php?rest_route=%2Fwp%2Fv2%2Fcomments&post=265"}],"version-history":[{"count":48,"href":"https:\/\/diversityspace.de\/index.php?rest_route=\/wp\/v2\/pages\/265\/revisions"}],"predecessor-version":[{"id":1128,"href":"https:\/\/diversityspace.de\/index.php?rest_route=\/wp\/v2\/pages\/265\/revisions\/1128"}],"wp:attachment":[{"href":"https:\/\/diversityspace.de\/index.php?rest_route=%2Fwp%2Fv2%2Fmedia&parent=265"}],"curies":[{"name":"wp","href":"https:\/\/api.w.org\/{rel}","templated":true}]}}