{"id":103,"date":"2020-10-27T09:13:50","date_gmt":"2020-10-27T08:13:50","guid":{"rendered":"https:\/\/diversityspace.de\/?post_type=product&#038;p=103"},"modified":"2024-05-02T10:08:40","modified_gmt":"2024-05-02T08:08:40","slug":"regenbogenfamilien-ein-handbuch","status":"publish","type":"product","link":"https:\/\/diversityspace.de\/?product=regenbogenfamilien-ein-handbuch","title":{"rendered":"Regenbogenfamilien. Ein Handbuch"},"content":{"rendered":"<p><strong>Verlagsbeschreibung<\/strong><\/p>\n<p>&#8222;Vor allem beweist Regenbogenfamilien ein Handbuch eins: Lesbisch-schwules Familienleben ist genauso vielf\u00e4ltig und dynamisch, wie moderne Familien heute sind.Aber ein Kind braucht doch eine Mutter und einen Vater! Auch wenn solche S\u00e4tze noch immer aus konservativen Kreisen kommen, hat diese traditionell-verkl\u00e4rte Vorstellung reichlich wenig mit den Lebensrealit\u00e4ten vieler Familien zu tun. Seit langem unterliegt der Begriff Familie einem Wandel. Regenbogenfamilien Familien, in denen mindestens ein Elternteil sich als lesbisch, schwul, queer oder trans definiert werden immer selbstverst\u00e4ndlicher. Doch ob als Paar, alleinerziehend oder in Patchwork- oder Wahlfamilien lebend, Lesben, Schwule und transidentische Menschen sehen sich mit vielen H\u00fcrden konfrontiert auf ihrem Weg vom Kinderwunsch zum Familienleben. Stephanie Gerlach steht all jenen mit Rat und Tat zur Seite, die sich f\u00fcr ein Leben mit Kindern entscheiden, und gew\u00e4hrt in zahlreichen Interviews mit Menschen, die in alternativen Familien leben, einen Einblick in die Lebensrealit\u00e4ten heutiger Beziehungskonstellationen. \u00dcbersichtlich gegliederte Kapitel liefern praktische Hilfestellungen und Tipps und bieten Antworten auf h\u00e4ufig gestellte Fragen im juristischen als auch gesellschaftspolitischen Bereich. Vor allem beweist Regenbogenfamilien ein Handbuch eins: Lesbisch-schwules Familienleben ist genauso vielf\u00e4ltig und dynamisch, wie moderne Familien heute sind.&#8220; \u00a9 Querverlag<\/p>\n<p><strong>Diversit\u00e4tsreflexivit\u00e4t des Produkts<\/strong><br \/>\nFamilien-Vielfalt. Das ist es, was die Autorin in Regenbogenfamilien aufzeigt und sich dabei insbesondere an Personen und Paare richtet, die sich den Wunsch einer Familie erf\u00fcllen m\u00f6chten. Das Buch tr\u00e4gt dazu bei, die normative Vorstellung einer \u201atraditionellen\u2018 Familie aufzubrechen und dadurch eine Dekonstruktion der gesellschaftlichen einseitigen Vorstellung von monogamen Eheleuten und Eltern zu erm\u00f6glichen.<br \/>\nDeutlich wird die inklusive Haltung, indem alle Perspektiven ber\u00fccksichtigt werden und schlie\u00dflich die Auseinandersetzung mit Hilfestellungen zur Verwirklichung des Familienwunsches erfolgt, indem Stephanie Gerlach diverse Kapitel auff\u00fchrt. Dabei werden auch Situationen ber\u00fccksichtigt, in denen vielleicht nicht alles gelingt, aber ein Weg des Umgangs aufgezeigt werden kann. Durch die intensive und erfahrungsreiche Authentizit\u00e4t ihrer inklusiven Haltung gelingt es der Autorin, bestehenden gesellschaftlichen Vorurteilen entgegenzuwirken sowie die \u201eheterosexuell gepr\u00e4gte Gesellschaft\u201c in Frage zu stellen und tr\u00e4gt unter anderem dazu bei, Fachkr\u00e4fte zur reflexiven Auseinandersetzung mit eigenen Vorurteilen und stereotypen Denkweisen anzuregen. Um die Situation der Personen in verschiedenen Familien zu schildern, werden Erfahrungsberichte der Personengruppe, nicht zuletzt auch Erfahrungen von Stephanie Gerlach selbst, sowie von Fachkr\u00e4ften beschrieben. Dadurch \u201atragen\u2018 die von Diskriminierung Betroffenen das Werk mit und sind als Handelnde an Aufkl\u00e4rungsarbeit beteiligt. Beleuchtet werden sollte die Verwendung des Begriffs \u201aRegenbogenfamilien\u2018, welcher zur Rekonstruktion der Andersheit von Familienkonstellationen beitragen kann\/beitr\u00e4gt, wodurch diese Personengruppe als anders konstruiert wird. Dennoch leistet das Fachbuch einen Beitrag zur Aufkl\u00e4rungsarbeit und diese Form der Auseinandersetzung tr\u00e4gt zum Empowerment der LGBTQI-Community bei.<\/p>\n","protected":false},"excerpt":{"rendered":"<p>Verlagsbeschreibung &#8222;Vor allem beweist Regenbogenfamilien ein Handbuch eins: Lesbisch-schwules Familienleben ist genauso vielf\u00e4ltig und dynamisch, wie moderne Familien heute sind.Aber ein Kind braucht doch eine Mutter und einen Vater! Auch wenn solche S\u00e4tze noch immer aus konservativen Kreisen kommen, hat diese traditionell-verkl\u00e4rte Vorstellung reichlich wenig mit den Lebensrealit\u00e4ten vieler Familien zu tun. Seit langem unterliegt [&hellip;]<\/p>\n","protected":false},"featured_media":104,"comment_status":"open","ping_status":"closed","template":"","meta":[],"product_brand":[],"product_cat":[15],"product_tag":[],"class_list":{"0":"post-103","1":"product","2":"type-product","3":"status-publish","4":"has-post-thumbnail","6":"product_cat-unkategorisiert","8":"first","9":"instock","10":"shipping-taxable","11":"purchasable","12":"product-type-simple"},"_links":{"self":[{"href":"https:\/\/diversityspace.de\/index.php?rest_route=\/wp\/v2\/product\/103","targetHints":{"allow":["GET"]}}],"collection":[{"href":"https:\/\/diversityspace.de\/index.php?rest_route=\/wp\/v2\/product"}],"about":[{"href":"https:\/\/diversityspace.de\/index.php?rest_route=\/wp\/v2\/types\/product"}],"replies":[{"embeddable":true,"href":"https:\/\/diversityspace.de\/index.php?rest_route=%2Fwp%2Fv2%2Fcomments&post=103"}],"wp:featuredmedia":[{"embeddable":true,"href":"https:\/\/diversityspace.de\/index.php?rest_route=\/wp\/v2\/media\/104"}],"wp:attachment":[{"href":"https:\/\/diversityspace.de\/index.php?rest_route=%2Fwp%2Fv2%2Fmedia&parent=103"}],"wp:term":[{"taxonomy":"product_brand","embeddable":true,"href":"https:\/\/diversityspace.de\/index.php?rest_route=%2Fwp%2Fv2%2Fproduct_brand&post=103"},{"taxonomy":"product_cat","embeddable":true,"href":"https:\/\/diversityspace.de\/index.php?rest_route=%2Fwp%2Fv2%2Fproduct_cat&post=103"},{"taxonomy":"product_tag","embeddable":true,"href":"https:\/\/diversityspace.de\/index.php?rest_route=%2Fwp%2Fv2%2Fproduct_tag&post=103"}],"curies":[{"name":"wp","href":"https:\/\/api.w.org\/{rel}","templated":true}]}}