{"id":1212,"date":"2024-04-04T17:23:08","date_gmt":"2024-04-04T15:23:08","guid":{"rendered":"https:\/\/diversityspace.de\/?post_type=product&#038;p=1212"},"modified":"2025-11-08T14:53:00","modified_gmt":"2025-11-08T13:53:00","slug":"buch-hand-in-hand-die-welt-begreifen-von-andreas-costrau-susann-hesselbrath-ulrike-jentzsch","status":"publish","type":"product","link":"https:\/\/diversityspace.de\/?product=buch-hand-in-hand-die-welt-begreifen-von-andreas-costrau-susann-hesselbrath-ulrike-jentzsch","title":{"rendered":"Buch &#8211; Hand in Hand die Welt begreifen von Andreas Costrau, Susann  Hesselbrath &#038; Ulrike Jentzsch"},"content":{"rendered":"<p><strong>Verlagsbeschreibung\u00a0<\/strong><\/p>\n<p>Viel Lust auf Spa\u00df und Spiel, ein bisschen Neugier und zwei freie H\u00e4nde \u2013 mehr braucht es nicht f\u00fcr dieses einzigartige Mitmach-W\u00f6rterbuch der Geb\u00e4rdensprache.<br \/>\nVon A wie Angeben \u00fcber K wie Klopapier bis Z wie Zuckerwatte sind hier knapp 2000 Alltagsbegriffe versammelt.<\/p>\n<p>S\u00e4mtliche Themen, die Menschen ab etwa 7 Jahren umtreiben, werden in wunderbar quirligen Wimmelbildern dargestellt, umrahmt von den dazugeh\u00f6renden Geb\u00e4rden-Zeichnungen.<\/p>\n<p>Sch\u00f6n und gut, aber ist das nicht eher nur etwas f\u00fcr Geh\u00f6rlose? Wer das Buch mit h\u00f6renden Kindern zusammen anschaut, wei\u00df es sofort besser: Mit Begeisterung eignen sie sich die neue \u201eGeheimsprache\u201c an. Auch wir Erwachsenen haben gro\u00dfen Spa\u00df daran, diese expressive Sprache auszuprobieren und im wahrsten Wort-sinn zu \u201ebegreifen\u201c, welche Ausdrucksm\u00f6glichkeiten in uns stecken. \u00a9 Klett Kinderbuch<\/p>\n<p><strong>Diversit\u00e4tsreflexivit\u00e4t des Materials\u00a0<\/strong><\/p>\n<p>Das Buch f\u00fchrt in umfassender Weise und anhand vielf\u00e4ltiger Situationen in die Geb\u00e4rdensprache ein. Dabei werden Handf\u00fchrungen Schritt f\u00fcr Schritt gezeigt und so erlernbar.<br \/>\nDie bildlichen Darstellungen der einzelnen Realsituationen sind dabei realit\u00e4tsnah und setzen unterschiedliche Themen wie u. a. K\u00f6rper, Familie, R\u00e4ume, Feste oder auch Religion zentral. Zugleich ist erkennbar, dass heteronormative Bilder von Geschlecht (Frauen in R\u00f6cken) reproduziert werden. Auch Behinderung oder Vielfalt von Kulturen, Hautfarbe oder Nation werden kaum bzw. gar nicht thematisiert. Abgebildet sind \u00fcberwiegend wei\u00dfe Menschen, alt und jung.<\/p>\n<p>&nbsp;<\/p>\n","protected":false},"excerpt":{"rendered":"<p>Verlagsbeschreibung\u00a0 Viel Lust auf Spa\u00df und Spiel, ein bisschen Neugier und zwei freie H\u00e4nde \u2013 mehr braucht es nicht f\u00fcr dieses einzigartige Mitmach-W\u00f6rterbuch der Geb\u00e4rdensprache. Von A wie Angeben \u00fcber K wie Klopapier bis Z wie Zuckerwatte sind hier knapp 2000 Alltagsbegriffe versammelt. S\u00e4mtliche Themen, die Menschen ab etwa 7 Jahren umtreiben, werden in wunderbar [&hellip;]<\/p>\n","protected":false},"featured_media":1213,"comment_status":"open","ping_status":"closed","template":"","meta":[],"product_brand":[],"product_cat":[284],"product_tag":[201],"class_list":{"0":"post-1212","1":"product","2":"type-product","3":"status-publish","4":"has-post-thumbnail","6":"product_cat-body","7":"product_tag-normalisierung-und-empowerment","9":"first","10":"instock","11":"shipping-taxable","12":"purchasable","13":"product-type-simple"},"_links":{"self":[{"href":"https:\/\/diversityspace.de\/index.php?rest_route=\/wp\/v2\/product\/1212","targetHints":{"allow":["GET"]}}],"collection":[{"href":"https:\/\/diversityspace.de\/index.php?rest_route=\/wp\/v2\/product"}],"about":[{"href":"https:\/\/diversityspace.de\/index.php?rest_route=\/wp\/v2\/types\/product"}],"replies":[{"embeddable":true,"href":"https:\/\/diversityspace.de\/index.php?rest_route=%2Fwp%2Fv2%2Fcomments&post=1212"}],"wp:featuredmedia":[{"embeddable":true,"href":"https:\/\/diversityspace.de\/index.php?rest_route=\/wp\/v2\/media\/1213"}],"wp:attachment":[{"href":"https:\/\/diversityspace.de\/index.php?rest_route=%2Fwp%2Fv2%2Fmedia&parent=1212"}],"wp:term":[{"taxonomy":"product_brand","embeddable":true,"href":"https:\/\/diversityspace.de\/index.php?rest_route=%2Fwp%2Fv2%2Fproduct_brand&post=1212"},{"taxonomy":"product_cat","embeddable":true,"href":"https:\/\/diversityspace.de\/index.php?rest_route=%2Fwp%2Fv2%2Fproduct_cat&post=1212"},{"taxonomy":"product_tag","embeddable":true,"href":"https:\/\/diversityspace.de\/index.php?rest_route=%2Fwp%2Fv2%2Fproduct_tag&post=1212"}],"curies":[{"name":"wp","href":"https:\/\/api.w.org\/{rel}","templated":true}]}}