{"id":1223,"date":"2024-04-04T17:41:36","date_gmt":"2024-04-04T15:41:36","guid":{"rendered":"https:\/\/diversityspace.de\/?post_type=product&#038;p=1223"},"modified":"2026-02-05T20:55:41","modified_gmt":"2026-02-05T19:55:41","slug":"die-flucht-von-francesca-sanna","status":"publish","type":"product","link":"https:\/\/diversityspace.de\/?product=die-flucht-von-francesca-sanna","title":{"rendered":"Die Flucht von Francesca Sanna"},"content":{"rendered":"<p><strong>Verlagsbeschreibung\u00a0<\/strong><\/p>\n<p>\u201cAus der Perspektive eines Kindes erz\u00e4hlt \u00bbDie Flucht\u00ab vom beschwerlichen Weg einer Familie aus einem Land hinaus, in dem Krieg ist. Eine Geschichte von Verlust und Entt\u00e4uschung, von Sehnsucht und Hoffnung, wie sie aktueller nicht sein k\u00f6nnte. \u00bbDie Flucht\u00ab ist eigentlich eine Geschichte von vielen Fluchten.<\/p>\n<p>Die Idee zu diesem Buch hatte Francesca Sanna nach der Begegnung mit zwei M\u00e4dchen in einem Gefl\u00fcchtetenzentrum in Italien. Sie hat zahlreiche Gespr\u00e4che mit migrierten Menschen gef\u00fchrt, die eine \u00e4hnliche Reise hinter sich haben, wie sie die Familie im Buch durchlebt. Ihre Erlebnisse hat sie in die Geschichte einflie\u00dfen lassen und in packenden Illustrationen zum Ausdruck gebracht.\u201d \u00a9 NordS\u00fcd Verlag<\/p>\n<p><strong>Diversit\u00e4tsreflexivit\u00e4t des Materials<\/strong><\/p>\n<p>&nbsp;<\/p>\n","protected":false},"excerpt":{"rendered":"<p>Verlagsbeschreibung\u00a0 \u201cAus der Perspektive eines Kindes erz\u00e4hlt \u00bbDie Flucht\u00ab vom beschwerlichen Weg einer Familie aus einem Land hinaus, in dem Krieg ist. Eine Geschichte von Verlust und Entt\u00e4uschung, von Sehnsucht und Hoffnung, wie sie aktueller nicht sein k\u00f6nnte. \u00bbDie Flucht\u00ab ist eigentlich eine Geschichte von vielen Fluchten. Die Idee zu diesem Buch hatte Francesca Sanna [&hellip;]<\/p>\n","protected":false},"featured_media":1224,"comment_status":"open","ping_status":"closed","template":"","meta":[],"product_brand":[],"product_cat":[282],"product_tag":[201],"class_list":{"0":"post-1223","1":"product","2":"type-product","3":"status-publish","4":"has-post-thumbnail","6":"product_cat-race","7":"product_tag-normalisierung-und-empowerment","9":"first","10":"instock","11":"shipping-taxable","12":"purchasable","13":"product-type-simple"},"_links":{"self":[{"href":"https:\/\/diversityspace.de\/index.php?rest_route=\/wp\/v2\/product\/1223","targetHints":{"allow":["GET"]}}],"collection":[{"href":"https:\/\/diversityspace.de\/index.php?rest_route=\/wp\/v2\/product"}],"about":[{"href":"https:\/\/diversityspace.de\/index.php?rest_route=\/wp\/v2\/types\/product"}],"replies":[{"embeddable":true,"href":"https:\/\/diversityspace.de\/index.php?rest_route=%2Fwp%2Fv2%2Fcomments&post=1223"}],"wp:featuredmedia":[{"embeddable":true,"href":"https:\/\/diversityspace.de\/index.php?rest_route=\/wp\/v2\/media\/1224"}],"wp:attachment":[{"href":"https:\/\/diversityspace.de\/index.php?rest_route=%2Fwp%2Fv2%2Fmedia&parent=1223"}],"wp:term":[{"taxonomy":"product_brand","embeddable":true,"href":"https:\/\/diversityspace.de\/index.php?rest_route=%2Fwp%2Fv2%2Fproduct_brand&post=1223"},{"taxonomy":"product_cat","embeddable":true,"href":"https:\/\/diversityspace.de\/index.php?rest_route=%2Fwp%2Fv2%2Fproduct_cat&post=1223"},{"taxonomy":"product_tag","embeddable":true,"href":"https:\/\/diversityspace.de\/index.php?rest_route=%2Fwp%2Fv2%2Fproduct_tag&post=1223"}],"curies":[{"name":"wp","href":"https:\/\/api.w.org\/{rel}","templated":true}]}}

<p><strong>Verlagsbeschreibung </strong></p>
<p>“Aus der Perspektive eines Kindes erzählt »Die Flucht« vom beschwerlichen Weg einer Familie aus einem Land hinaus, in dem Krieg ist. Eine Geschichte von Verlust und Enttäuschung, von Sehnsucht und Hoffnung, wie sie aktueller nicht sein könnte. »Die Flucht« ist eigentlich eine Geschichte von vielen Fluchten.</p>
<p>Die Idee zu diesem Buch hatte Francesca Sanna nach der Begegnung mit zwei Mädchen in einem Geflüchtetenzentrum in Italien. Sie hat zahlreiche Gespräche mit migrierten Menschen geführt, die eine ähnliche Reise hinter sich haben, wie sie die Familie im Buch durchlebt. Ihre Erlebnisse hat sie in die Geschichte einfließen lassen und in packenden Illustrationen zum Ausdruck gebracht.” © NordSüd Verlag</p>
<p><strong>Diversitätsreflexivität des Materials</strong></p>
<p>&nbsp;</p>

<p>Verlagsbeschreibung  “Aus der Perspektive eines Kindes erzählt »Die Flucht« vom beschwerlichen Weg einer Familie aus einem Land hinaus, in dem Krieg ist. Eine Geschichte von Verlust und Enttäuschung, von Sehnsucht und Hoffnung, wie sie aktueller nicht sein könnte. »Die Flucht« ist eigentlich eine Geschichte von vielen Fluchten. Die Idee zu diesem Buch hatte Francesca Sanna [&hellip;]</p>
