{"id":1239,"date":"2024-04-06T16:39:02","date_gmt":"2024-04-06T14:39:02","guid":{"rendered":"https:\/\/diversityspace.de\/?post_type=product&#038;p=1239"},"modified":"2026-04-16T11:12:32","modified_gmt":"2026-04-16T09:12:32","slug":"buch-lena-feiert-pessach-mit-alma-von-myriam-halberstam-julia-spaeth","status":"publish","type":"product","link":"https:\/\/diversityspace.de\/?product=buch-lena-feiert-pessach-mit-alma-von-myriam-halberstam-julia-spaeth","title":{"rendered":"Buch &#8211; Lena feiert Pessach mit Alma von Myriam Halberstam &#038; Julia Sp\u00e4th"},"content":{"rendered":"<p><strong>Verlagsbeschreibung<\/strong><\/p>\n<p>Alma feiert mit ihrer Familie das j\u00fcdische Pessach-Fest. Ihre beste Freundin Lena darf mitfeiern. Zuerst werden alte Kr\u00fcmel und Brotreste im ganzen Haus gesucht und im Hof verbrannt. Abends sitzen alle um den festlichen Seder-Tisch und es gibt leckere Speisen. Es wird zusammen gesungen, erz\u00e4hlt und gelacht. Lena ist neugierig und erf\u00e4hrt viel \u00fcber j\u00fcdische Traditionen.<\/p>\n<p>Hilfreicher Zusatz:<br \/>\nDas Manischtana-Gebet ist im Anhang kindgerecht in Lautschrift, auf Deutsch \u00fcbersetzt sowie original Hebr\u00e4isch enthalten. Mit diesem Buch k\u00f6nnen alle Kinder bereits f\u00fcr Pessach \u00fcben.<\/p>\n<p>Mit Erkl\u00e4rung und Anleitung f\u00fcr den Sederteller. \u00a9 Ariella Verlag<\/p>\n<p><strong>Diversit\u00e4tsreflexivit\u00e4t des Materials<\/strong><\/p>\n<p>&nbsp;<\/p>\n","protected":false},"excerpt":{"rendered":"<p>Verlagsbeschreibung Alma feiert mit ihrer Familie das j\u00fcdische Pessach-Fest. Ihre beste Freundin Lena darf mitfeiern. Zuerst werden alte Kr\u00fcmel und Brotreste im ganzen Haus gesucht und im Hof verbrannt. Abends sitzen alle um den festlichen Seder-Tisch und es gibt leckere Speisen. Es wird zusammen gesungen, erz\u00e4hlt und gelacht. Lena ist neugierig und erf\u00e4hrt viel \u00fcber [&hellip;]<\/p>\n","protected":false},"featured_media":1240,"comment_status":"open","ping_status":"closed","template":"","meta":[],"product_brand":[],"product_cat":[282],"product_tag":[201],"class_list":{"0":"post-1239","1":"product","2":"type-product","3":"status-publish","4":"has-post-thumbnail","6":"product_cat-race","7":"product_tag-normalisierung-und-empowerment","9":"first","10":"instock","11":"shipping-taxable","12":"purchasable","13":"product-type-simple"},"_links":{"self":[{"href":"https:\/\/diversityspace.de\/index.php?rest_route=\/wp\/v2\/product\/1239","targetHints":{"allow":["GET"]}}],"collection":[{"href":"https:\/\/diversityspace.de\/index.php?rest_route=\/wp\/v2\/product"}],"about":[{"href":"https:\/\/diversityspace.de\/index.php?rest_route=\/wp\/v2\/types\/product"}],"replies":[{"embeddable":true,"href":"https:\/\/diversityspace.de\/index.php?rest_route=%2Fwp%2Fv2%2Fcomments&post=1239"}],"wp:featuredmedia":[{"embeddable":true,"href":"https:\/\/diversityspace.de\/index.php?rest_route=\/wp\/v2\/media\/1240"}],"wp:attachment":[{"href":"https:\/\/diversityspace.de\/index.php?rest_route=%2Fwp%2Fv2%2Fmedia&parent=1239"}],"wp:term":[{"taxonomy":"product_brand","embeddable":true,"href":"https:\/\/diversityspace.de\/index.php?rest_route=%2Fwp%2Fv2%2Fproduct_brand&post=1239"},{"taxonomy":"product_cat","embeddable":true,"href":"https:\/\/diversityspace.de\/index.php?rest_route=%2Fwp%2Fv2%2Fproduct_cat&post=1239"},{"taxonomy":"product_tag","embeddable":true,"href":"https:\/\/diversityspace.de\/index.php?rest_route=%2Fwp%2Fv2%2Fproduct_tag&post=1239"}],"curies":[{"name":"wp","href":"https:\/\/api.w.org\/{rel}","templated":true}]}}

Buch &#8211; Lena feiert Pessach mit Alma von Myriam Halberstam &#038; Julia Späth

<p><strong>Verlagsbeschreibung</strong></p>
<p>Alma feiert mit ihrer Familie das jüdische Pessach-Fest. Ihre beste Freundin Lena darf mitfeiern. Zuerst werden alte Krümel und Brotreste im ganzen Haus gesucht und im Hof verbrannt. Abends sitzen alle um den festlichen Seder-Tisch und es gibt leckere Speisen. Es wird zusammen gesungen, erzählt und gelacht. Lena ist neugierig und erfährt viel über jüdische Traditionen.</p>
<p>Hilfreicher Zusatz:<br />
Das Manischtana-Gebet ist im Anhang kindgerecht in Lautschrift, auf Deutsch übersetzt sowie original Hebräisch enthalten. Mit diesem Buch können alle Kinder bereits für Pessach üben.</p>
<p>Mit Erklärung und Anleitung für den Sederteller. © Ariella Verlag</p>
<p><strong>Diversitätsreflexivität des Materials</strong></p>
<p>&nbsp;</p>

<p>Verlagsbeschreibung Alma feiert mit ihrer Familie das jüdische Pessach-Fest. Ihre beste Freundin Lena darf mitfeiern. Zuerst werden alte Krümel und Brotreste im ganzen Haus gesucht und im Hof verbrannt. Abends sitzen alle um den festlichen Seder-Tisch und es gibt leckere Speisen. Es wird zusammen gesungen, erzählt und gelacht. Lena ist neugierig und erfährt viel über [&hellip;]</p>
