{"id":1256,"date":"2024-04-07T19:57:02","date_gmt":"2024-04-07T17:57:02","guid":{"rendered":"https:\/\/diversityspace.de\/?post_type=product&#038;p=1256"},"modified":"2025-11-10T18:25:40","modified_gmt":"2025-11-10T17:25:40","slug":"spielfiguren-holzspielzeug-12-verschiedene-menschen","status":"publish","type":"product","link":"https:\/\/diversityspace.de\/?product=spielfiguren-holzspielzeug-12-verschiedene-menschen","title":{"rendered":"Spielfiguren &#8211; Holzspielzeug: 12 verschiedene Menschen"},"content":{"rendered":"<p><strong>Beschreibung der Hersteller*innen<\/strong><\/p>\n<p>Dieses 12-teiliges Holzspielzeug der Firma Lanka Kade ist perfekt f\u00fcr kindliches Rollenspiel. Griffig auch schon f\u00fcr ganz kleine H\u00e4nde. Obendrein ist es auch noch Fairtrade produziert. \u00a9 Lanka Kade<\/p>\n<p><strong>Diversit\u00e4tsreflexivit\u00e4t des Materials\u00a0<\/strong><\/p>\n<p>Diese zw\u00f6lf Spielfiguren aus Holz stellen Menschen mit verschiedenen Geschlechtern, Hautfarben, Kleidungsstilen und K\u00f6rpergr\u00f6\u00dfen dar. Einige Menschen tragen eine Brille, nutzen einen Gehstock oder einen Rollstuhl. Die Darstellung der Dimensionen stellt eine erste Ann\u00e4herung und (Re-)Pr\u00e4sentation von Vielfalt dar. \u00dcber das Spielmaterial kann das Sprechen \u00fcber Behinderung, Geschlecht, K\u00f6rper und BiPoC angeregt und eine Identifikation erm\u00f6glicht werden.<\/p>\n","protected":false},"excerpt":{"rendered":"<p>Beschreibung der Hersteller*innen Dieses 12-teiliges Holzspielzeug der Firma Lanka Kade ist perfekt f\u00fcr kindliches Rollenspiel. Griffig auch schon f\u00fcr ganz kleine H\u00e4nde. Obendrein ist es auch noch Fairtrade produziert. \u00a9 Lanka Kade Diversit\u00e4tsreflexivit\u00e4t des Materials\u00a0 Diese zw\u00f6lf Spielfiguren aus Holz stellen Menschen mit verschiedenen Geschlechtern, Hautfarben, Kleidungsstilen und K\u00f6rpergr\u00f6\u00dfen dar. Einige Menschen tragen eine Brille, [&hellip;]<\/p>\n","protected":false},"featured_media":1257,"comment_status":"open","ping_status":"closed","template":"","meta":[],"product_brand":[],"product_cat":[284,285,282],"product_tag":[201],"class_list":{"0":"post-1256","1":"product","2":"type-product","3":"status-publish","4":"has-post-thumbnail","6":"product_cat-body","7":"product_cat-gender","8":"product_cat-race","9":"product_tag-normalisierung-und-empowerment","11":"first","12":"instock","13":"shipping-taxable","14":"purchasable","15":"product-type-simple"},"_links":{"self":[{"href":"https:\/\/diversityspace.de\/index.php?rest_route=\/wp\/v2\/product\/1256","targetHints":{"allow":["GET"]}}],"collection":[{"href":"https:\/\/diversityspace.de\/index.php?rest_route=\/wp\/v2\/product"}],"about":[{"href":"https:\/\/diversityspace.de\/index.php?rest_route=\/wp\/v2\/types\/product"}],"replies":[{"embeddable":true,"href":"https:\/\/diversityspace.de\/index.php?rest_route=%2Fwp%2Fv2%2Fcomments&post=1256"}],"wp:featuredmedia":[{"embeddable":true,"href":"https:\/\/diversityspace.de\/index.php?rest_route=\/wp\/v2\/media\/1257"}],"wp:attachment":[{"href":"https:\/\/diversityspace.de\/index.php?rest_route=%2Fwp%2Fv2%2Fmedia&parent=1256"}],"wp:term":[{"taxonomy":"product_brand","embeddable":true,"href":"https:\/\/diversityspace.de\/index.php?rest_route=%2Fwp%2Fv2%2Fproduct_brand&post=1256"},{"taxonomy":"product_cat","embeddable":true,"href":"https:\/\/diversityspace.de\/index.php?rest_route=%2Fwp%2Fv2%2Fproduct_cat&post=1256"},{"taxonomy":"product_tag","embeddable":true,"href":"https:\/\/diversityspace.de\/index.php?rest_route=%2Fwp%2Fv2%2Fproduct_tag&post=1256"}],"curies":[{"name":"wp","href":"https:\/\/api.w.org\/{rel}","templated":true}]}}