{"id":1596,"date":"2025-10-27T09:36:23","date_gmt":"2025-10-27T08:36:23","guid":{"rendered":"https:\/\/diversityspace.de\/?post_type=product&#038;p=1596"},"modified":"2025-11-13T13:57:33","modified_gmt":"2025-11-13T12:57:33","slug":"eine-kiste-nichts-a-box-of-nothing-kamishibai-bildkartenset-von-lena-hesse","status":"publish","type":"product","link":"https:\/\/diversityspace.de\/?product=eine-kiste-nichts-a-box-of-nothing-kamishibai-bildkartenset-von-lena-hesse","title":{"rendered":"Eine Kiste Nichts. A Box of Nothing \u2013 Kamishibai Bildkartenset von Lena Hesse"},"content":{"rendered":"<p><strong>Verlagsbeschreibung<\/strong><\/p>\n<p>Nie mehr Langeweile dank Fantasie! Eine mehrsprachige Huhn- und Hasengeschichte<\/p>\n<p>Das Huhn freut sich sehr, als der Hase ihm zum Geburtstag einen riesengro\u00dfen Karton \u00fcberreicht. Doch anstelle des erwarteten supertollen Geschenks ist nichts in der Kiste! Der Hase erkl\u00e4rt dem verdutzten Geburtstagskind, was sie mit so einem leeren Karton alles spielen k\u00f6nnen&#8230;<\/p>\n<p>Die lustige Tiergeschichte von Lena Hesse mit den schwungvollen Illustrationen gibt es jetzt f\u00fcr das Erz\u00e4hltheater. Dank Textversion auf Deutsch und Englisch ist die Bilderbuchgeschichte ideal f\u00fcr die bilinguale Erziehung im Kindergarten.<\/p>\n<ul>\n<li>Kreativit\u00e4t bei Kindern f\u00f6rdern: Was kann man mit einer leeren Kiste spielen?<\/li>\n<li>Mehrsprachige Bilderb\u00fccher zur Fr\u00fchf\u00f6rderung: Jetzt auch als Kamishibai!<\/li>\n<li>14 Kamishibai-Bildkarten mit Textvorlage und Link zu H\u00f6rfassungen in 11 weiteren Sprachen (Arabisch, Franz\u00f6sisch, Griechisch, Italienisch, Kurmanci, Farsi, Polnisch, Rum\u00e4nisch, Russisch, Spanisch, T\u00fcrkisch)<\/li>\n<li>Die lustige Tiergeschichte f\u00fcr das Erz\u00e4hltheater begeistert Kinder von 3 bis 6 Jahren<\/li>\n<li>Die mehrsprachige Ausgabe regt zu Unterhaltungen \u00fcber Zweisprachigkeit an<\/li>\n<\/ul>\n<p>Mit Kamishibai-Geschichten erste Erfahrungen mit Fremdsprachen sammeln<\/p>\n<p>Mit dem Erz\u00e4hltheater erleben die Kinder die Geschichten mit allen Sinnen und werden zum Zuh\u00f6ren und Mitmachen animiert. Wenn die Erz\u00e4hlung wie bei \u201eEine Kiste nichts\u201c auf Deutsch und Englisch vorgetragen wird, helfen die Kamishibai-Bildkarten als visuelle Unterst\u00fctzung beim Verst\u00e4ndnis. Die beigef\u00fcgten H\u00f6rfassungen in zehn weiteren Sprachen geben einen Eindruck davon, wie unterschiedlich sich dieselbe Geschichte trotz gleichem Inhalt anh\u00f6ren kann.<\/p>\n<p>Au\u00dferdem zeigt diese fantasievolle Huhn- und Hasengeschichte, welche tollen Spiele sich mit einfachsten Mitteln verwirklichen lassen. Ein spielerischer Ansatz, um mit dem Kamishibai die Vorstellungskraft kleiner Entdecker:innen zu animieren! \u00a9 DON BOSCO<\/p>\n<p><strong>Diversit\u00e4tsreflexivit\u00e4t des Produkts<\/strong><\/p>\n","protected":false},"excerpt":{"rendered":"<p>Verlagsbeschreibung Nie mehr Langeweile dank Fantasie! Eine mehrsprachige Huhn- und Hasengeschichte Das Huhn freut sich sehr, als der Hase ihm zum Geburtstag einen riesengro\u00dfen Karton \u00fcberreicht. Doch anstelle des erwarteten supertollen Geschenks ist nichts in der Kiste! Der Hase erkl\u00e4rt dem verdutzten Geburtstagskind, was sie mit so einem leeren Karton alles spielen k\u00f6nnen&#8230; Die lustige [&hellip;]<\/p>\n","protected":false},"featured_media":1597,"comment_status":"open","ping_status":"closed","template":"","meta":[],"product_brand":[],"product_cat":[283,282],"product_tag":[201],"class_list":{"0":"post-1596","1":"product","2":"type-product","3":"status-publish","4":"has-post-thumbnail","6":"product_cat-class","7":"product_cat-race","8":"product_tag-normalisierung-und-empowerment","10":"first","11":"instock","12":"shipping-taxable","13":"purchasable","14":"product-type-simple"},"_links":{"self":[{"href":"https:\/\/diversityspace.de\/index.php?rest_route=\/wp\/v2\/product\/1596","targetHints":{"allow":["GET"]}}],"collection":[{"href":"https:\/\/diversityspace.de\/index.php?rest_route=\/wp\/v2\/product"}],"about":[{"href":"https:\/\/diversityspace.de\/index.php?rest_route=\/wp\/v2\/types\/product"}],"replies":[{"embeddable":true,"href":"https:\/\/diversityspace.de\/index.php?rest_route=%2Fwp%2Fv2%2Fcomments&post=1596"}],"wp:featuredmedia":[{"embeddable":true,"href":"https:\/\/diversityspace.de\/index.php?rest_route=\/wp\/v2\/media\/1597"}],"wp:attachment":[{"href":"https:\/\/diversityspace.de\/index.php?rest_route=%2Fwp%2Fv2%2Fmedia&parent=1596"}],"wp:term":[{"taxonomy":"product_brand","embeddable":true,"href":"https:\/\/diversityspace.de\/index.php?rest_route=%2Fwp%2Fv2%2Fproduct_brand&post=1596"},{"taxonomy":"product_cat","embeddable":true,"href":"https:\/\/diversityspace.de\/index.php?rest_route=%2Fwp%2Fv2%2Fproduct_cat&post=1596"},{"taxonomy":"product_tag","embeddable":true,"href":"https:\/\/diversityspace.de\/index.php?rest_route=%2Fwp%2Fv2%2Fproduct_tag&post=1596"}],"curies":[{"name":"wp","href":"https:\/\/api.w.org\/{rel}","templated":true}]}}