{"id":1613,"date":"2025-10-27T09:27:19","date_gmt":"2025-10-27T08:27:19","guid":{"rendered":"https:\/\/diversityspace.de\/?post_type=product&#038;p=1613"},"modified":"2026-02-11T20:14:27","modified_gmt":"2026-02-11T19:14:27","slug":"schwarze-puppe-taya","status":"publish","type":"product","link":"https:\/\/diversityspace.de\/?product=schwarze-puppe-taya","title":{"rendered":"Schwarze Puppe Taya"},"content":{"rendered":"<p><strong>Beschreibung der Hersteller*innen<\/strong><\/p>\n<p>Du erh\u00e4ltst TAYA in einer senffarbenen Cord-Latzhose mit Tr\u00e4gern. Sie hat einen kuscheligen Weichk\u00f6rper. Die zwei Haarz\u00f6pfe sind aus weichem Samtjersey gefertigt.<\/p>\n<p><i>Zum Vorlesen: \u201eIch liebe Tiere und bin immer f\u00fcr sie da, wenn sie meine Hilfe brauchen.\u201c Ich habe einmal eine Kr\u00e4he das Leben gerettet und nun besuchte sie mich oft in meiner kleinen H\u00fctte, die ich mir selbst gebaut habe.\u201c \u00a9 LITTLE ASH\u00c9\u00a0<\/i><\/p>\n<p><strong>Diversit\u00e4tsreflexivit\u00e4t des Produktes<\/strong><\/p>\n<p>Die Little Ash\u00e9 Puppe Taya ist als Schwarzes M\u00e4dchen* gestaltet und thematisiert die Diversit\u00e4tskategorie Race*. Sie ist aus Stoff und kann deswegen auch f\u00fcr kleinere Kinder attraktiv aufgrund ihrer haptischen Eigenschaften sein. Die Puppe kann Schwarze Kinder darin best\u00e4rken, sich selbstbewusst und sichtbar zu erleben (Empowerment) und gleichzeitig f\u00fcr alle Kinder Vielfalt normalisieren. Durch ihren Einsatz im p\u00e4dagogischen Alltag, k\u00f6nnen Themen wie Zugeh\u00f6rigkeit, Identit\u00e4t und kulturelle Vielfalt spielerisch aufgegriffen werden. Die p\u00e4dagogische Begleitung erfordert Kenntnisse zu reflexiver Sprache zum Thema Hautfarben und kulturelle Rassifizierungen sowie ihrer Kritik. M\u00f6glicherweise diskriminierenden Aussagen von Kindern sollte empathisch und sicher begegnet werden k\u00f6nnen.<\/p>\n","protected":false},"excerpt":{"rendered":"<p>Beschreibung der Hersteller*innen Du erh\u00e4ltst TAYA in einer senffarbenen Cord-Latzhose mit Tr\u00e4gern. Sie hat einen kuscheligen Weichk\u00f6rper. Die zwei Haarz\u00f6pfe sind aus weichem Samtjersey gefertigt. Zum Vorlesen: \u201eIch liebe Tiere und bin immer f\u00fcr sie da, wenn sie meine Hilfe brauchen.\u201c Ich habe einmal eine Kr\u00e4he das Leben gerettet und nun besuchte sie mich oft [&hellip;]<\/p>\n","protected":false},"featured_media":1614,"comment_status":"open","ping_status":"closed","template":"","meta":[],"product_brand":[],"product_cat":[282],"product_tag":[201],"class_list":{"0":"post-1613","1":"product","2":"type-product","3":"status-publish","4":"has-post-thumbnail","6":"product_cat-race","7":"product_tag-normalisierung-und-empowerment","9":"first","10":"instock","11":"shipping-taxable","12":"purchasable","13":"product-type-simple"},"_links":{"self":[{"href":"https:\/\/diversityspace.de\/index.php?rest_route=\/wp\/v2\/product\/1613","targetHints":{"allow":["GET"]}}],"collection":[{"href":"https:\/\/diversityspace.de\/index.php?rest_route=\/wp\/v2\/product"}],"about":[{"href":"https:\/\/diversityspace.de\/index.php?rest_route=\/wp\/v2\/types\/product"}],"replies":[{"embeddable":true,"href":"https:\/\/diversityspace.de\/index.php?rest_route=%2Fwp%2Fv2%2Fcomments&post=1613"}],"wp:featuredmedia":[{"embeddable":true,"href":"https:\/\/diversityspace.de\/index.php?rest_route=\/wp\/v2\/media\/1614"}],"wp:attachment":[{"href":"https:\/\/diversityspace.de\/index.php?rest_route=%2Fwp%2Fv2%2Fmedia&parent=1613"}],"wp:term":[{"taxonomy":"product_brand","embeddable":true,"href":"https:\/\/diversityspace.de\/index.php?rest_route=%2Fwp%2Fv2%2Fproduct_brand&post=1613"},{"taxonomy":"product_cat","embeddable":true,"href":"https:\/\/diversityspace.de\/index.php?rest_route=%2Fwp%2Fv2%2Fproduct_cat&post=1613"},{"taxonomy":"product_tag","embeddable":true,"href":"https:\/\/diversityspace.de\/index.php?rest_route=%2Fwp%2Fv2%2Fproduct_tag&post=1613"}],"curies":[{"name":"wp","href":"https:\/\/api.w.org\/{rel}","templated":true}]}}