{"id":1682,"date":"2025-11-07T10:06:09","date_gmt":"2025-11-07T09:06:09","guid":{"rendered":"https:\/\/diversityspace.de\/?post_type=product&#038;p=1682"},"modified":"2026-02-11T20:06:31","modified_gmt":"2026-02-11T19:06:31","slug":"lottie-pupe-fossiliensucherin","status":"publish","type":"product","link":"https:\/\/diversityspace.de\/?product=lottie-pupe-fossiliensucherin","title":{"rendered":"Lottie Pupe \u2013 Fossiliensucherin"},"content":{"rendered":"<p><strong>Beschreibung der Hersteller*innen<\/strong><\/p>\n<p>&#8222;Es ist Sommer und Lottie kann es kaum erwarten zum Lincoln Cliff Strand zu gehen um nach Fossilien zu suchen. Mit ihrem speziellen Steinhammer und ihrem Rucksack gef\u00fcllt mit n\u00fctzlichen Ger\u00e4ten, ist Lottie vollends f\u00fcr ein Abenteuer ger\u00fcstet. Es ist so aufregend die M\u00f6glichkeit zu haben eventuell eine wissenschaftliche Entdeckung zu machen! Was wird sie wohl finden? Einen Ammonit? Einen Knochen von einem Plesiosaurus? Oder vielleicht sogar einen Dinosaurier&#8230;!<br \/>\nInhalt:<\/p>\n<ul>\n<li>olivfarbene Weste<br \/>\nt\u00fcrkisfarbenes Poloshirt mit einem Ammonite-Muschel Aufn\u00e4her<br \/>\nCargoshorts<br \/>\norang-wei\u00df gestreifte Socken<br \/>\nrobuste Stiefel<br \/>\nBaseballcap<br \/>\nRucksack<br \/>\nAusgrabwerkzeuge &amp; Vergr\u00f6\u00dferungsglass<br \/>\n4 Ammonite Fossilien<br \/>\nSammelkarten \u00fcber die britische Fossilien-Ausgr\u00e4berin Mary Anning<br \/>\nInformationsblatt \u00fcber namenhafte Frauen in der Pal\u00e4ontologie<\/li>\n<\/ul>\n<p>Gr\u00f6\u00dfe: 18 cm<br \/>\nAltersempfehlung: ab 3 Jahren<br \/>\nACHTUNG! Nicht f\u00fcr Kinder unter 3 Jahren geeignet. Erstickungsgefahr wegen verschluckbarer Kleinteile.&#8220; \u00a9 tebalou.shop<\/p>\n<p><strong>Diversit\u00e4tsreflexivit\u00e4t des Produkts<\/strong><\/p>\n<p style=\"font-weight: 400;\">Die Lottie Puppe Fossiliensucherin thematisiert die Diversit\u00e4tskategorie Gender. Sie repr\u00e4sentiert ein weiblich* gelesenes Kind, das sich mit Fossilien besch\u00e4ftigt. Damit kann die Puppe bei Kindern Interesse am Entdecken und Forschen anhand naturwissenschaftlicher Fragestellungen wecken bzw. best\u00e4rken. Ihr Einsatz kann Kinder ermutigen, Interessen unabh\u00e4ngig vom Geschlecht zu verfolgen und sich damit verbundenen gesellschaftlichen Erwartungen zu erwehren. Besonders f\u00fcr M\u00e4dchen* kann sie empowernd wirken, da sie Identifikationsm\u00f6glichkeiten jenseits traditionellen Interessensprofilen er\u00f6ffnet. Au\u00dferdem tr\u00e4gt sie deswegen zur Normalisierung bei. In der p\u00e4dagogischen Begleitung ist Wissen \u00fcber die soziale Konstruktion von Geschlecht und Geschlechterrollen hilfreich, um Zuschreibungen reflektieren und kritisch einordnen zu k\u00f6nnen. Zudem kann ein Wissen \u00fcber Forschung und die Entdeckung von Fossilien, bspw. unterst\u00fctzt von einem Lexikon, hilfreich sein, Gespr\u00e4che anzuregen.<\/p>\n","protected":false},"excerpt":{"rendered":"<p>Beschreibung der Hersteller*innen &#8222;Es ist Sommer und Lottie kann es kaum erwarten zum Lincoln Cliff Strand zu gehen um nach Fossilien zu suchen. Mit ihrem speziellen Steinhammer und ihrem Rucksack gef\u00fcllt mit n\u00fctzlichen Ger\u00e4ten, ist Lottie vollends f\u00fcr ein Abenteuer ger\u00fcstet. Es ist so aufregend die M\u00f6glichkeit zu haben eventuell eine wissenschaftliche Entdeckung zu machen! [&hellip;]<\/p>\n","protected":false},"featured_media":1683,"comment_status":"open","ping_status":"closed","template":"","meta":[],"product_brand":[],"product_cat":[285],"product_tag":[201],"class_list":{"0":"post-1682","1":"product","2":"type-product","3":"status-publish","4":"has-post-thumbnail","6":"product_cat-gender","7":"product_tag-normalisierung-und-empowerment","9":"first","10":"instock","11":"shipping-taxable","12":"product-type-simple"},"_links":{"self":[{"href":"https:\/\/diversityspace.de\/index.php?rest_route=\/wp\/v2\/product\/1682","targetHints":{"allow":["GET"]}}],"collection":[{"href":"https:\/\/diversityspace.de\/index.php?rest_route=\/wp\/v2\/product"}],"about":[{"href":"https:\/\/diversityspace.de\/index.php?rest_route=\/wp\/v2\/types\/product"}],"replies":[{"embeddable":true,"href":"https:\/\/diversityspace.de\/index.php?rest_route=%2Fwp%2Fv2%2Fcomments&post=1682"}],"wp:featuredmedia":[{"embeddable":true,"href":"https:\/\/diversityspace.de\/index.php?rest_route=\/wp\/v2\/media\/1683"}],"wp:attachment":[{"href":"https:\/\/diversityspace.de\/index.php?rest_route=%2Fwp%2Fv2%2Fmedia&parent=1682"}],"wp:term":[{"taxonomy":"product_brand","embeddable":true,"href":"https:\/\/diversityspace.de\/index.php?rest_route=%2Fwp%2Fv2%2Fproduct_brand&post=1682"},{"taxonomy":"product_cat","embeddable":true,"href":"https:\/\/diversityspace.de\/index.php?rest_route=%2Fwp%2Fv2%2Fproduct_cat&post=1682"},{"taxonomy":"product_tag","embeddable":true,"href":"https:\/\/diversityspace.de\/index.php?rest_route=%2Fwp%2Fv2%2Fproduct_tag&post=1682"}],"curies":[{"name":"wp","href":"https:\/\/api.w.org\/{rel}","templated":true}]}}