{"id":23,"date":"2020-10-26T20:52:12","date_gmt":"2020-10-26T19:52:12","guid":{"rendered":"https:\/\/diversityspace.de\/?post_type=product&#038;p=23"},"modified":"2025-11-10T17:58:10","modified_gmt":"2025-11-10T16:58:10","slug":"eric-carle","status":"publish","type":"product","link":"https:\/\/diversityspace.de\/?product=eric-carle","title":{"rendered":"Herr Seepferdchen"},"content":{"rendered":"<p><strong>Verlagsbeschreibung<\/strong><\/p>\n<p>&#8222;Das Familienleben der Seepferdchen ist ungew\u00f6hnlich. Der Vater k\u00fcmmert sich um den Nachwuchs, indem er die befruchteten Eier in seiner Bauchtasche besch\u00fctzt, bis die Seepferdchen- Babys schl\u00fcpfen und allein zurechtkommen. W\u00e4hrend er auf seinen Nachwuchs wartet, trifft er noch andere Wasserbewohner, bei denen nicht die Mutter, sondern der Vater mit der Pflege der Kinder besch\u00e4ftigt ist. Folienseiten zeigen die Verstecke der anderen Tiere, sodass man schon sp\u00e4hen und raten kann, welcher Fisch da wohl zum Vorschein kommt.&#8220; \u00a9 Gerstenberg Verlag<\/p>\n<p><strong>Diversit\u00e4tsreflexivit\u00e4t des Produkts:<\/strong><\/p>\n<p>Dieses Buch versucht die Rollenverteilung in der Familie innerhalb der konstruierten gesellschaftlichen Geschlechterklischees aufzubrechen. Abseits der sozialen Erwartungen \u00fcbernehmen in einer Unterwasserwelt die m\u00e4nnlichen Tiere vollkommen selbstverst\u00e4ndlich die Aufzucht des Nachwuchses. Leser*innen erhalten Einblicke in weitere Familienkonstellationen, die\u00a0 sich auf unterschiedliche Weise um ihren Nachwuchs k\u00fcmmern. Aber es werden auch kinderlose Meeresbewohner*innen gezeigt. <span data-offset-key=\"8rk6q-0-0\">Indem das Buch verschiedene Fischarten darstellt, bei denen das M\u00e4nnchen die liebevolle und f\u00fcrsorgliche Elternrolle \u00fcbernimmt, sollen die gesellschaftliche Erwartung an Elternrollen bzw. die Selbstverst\u00e4ndlichkeit von Zweigeschlechtlichkeit und Heterosexualit\u00e4t als Naturtatsachen dekonstruiert werden. Das Buch tr\u00e4gt demnach zum Empowerment von modernen V\u00e4tern bei, also emotional engagierten und partnerschaftlich eingestellten V\u00e4tern. Es zeigt eine Alternative zu den veralteten, gesellschaftlich tradierten Rollenbildern. <\/span>Das Buch ist foliert, das bedeutet die Seiten sind leicht abwaschbar und zwischendrin finden sich transparente Folienseiten mit buntem Druck, hinter denen man andere Wasserbewohner*innen entdecken kann.<\/p>\n<p>&nbsp;<\/p>\n","protected":false},"excerpt":{"rendered":"<p>Verlagsbeschreibung &#8222;Das Familienleben der Seepferdchen ist ungew\u00f6hnlich. Der Vater k\u00fcmmert sich um den Nachwuchs, indem er die befruchteten Eier in seiner Bauchtasche besch\u00fctzt, bis die Seepferdchen- Babys schl\u00fcpfen und allein zurechtkommen. W\u00e4hrend er auf seinen Nachwuchs wartet, trifft er noch andere Wasserbewohner, bei denen nicht die Mutter, sondern der Vater mit der Pflege der Kinder [&hellip;]<\/p>\n","protected":false},"featured_media":24,"comment_status":"open","ping_status":"closed","template":"","meta":[],"product_brand":[],"product_cat":[285],"product_tag":[201],"class_list":{"0":"post-23","1":"product","2":"type-product","3":"status-publish","4":"has-post-thumbnail","6":"product_cat-gender","7":"product_tag-normalisierung-und-empowerment","9":"first","10":"instock","11":"shipping-taxable","12":"purchasable","13":"product-type-simple"},"_links":{"self":[{"href":"https:\/\/diversityspace.de\/index.php?rest_route=\/wp\/v2\/product\/23","targetHints":{"allow":["GET"]}}],"collection":[{"href":"https:\/\/diversityspace.de\/index.php?rest_route=\/wp\/v2\/product"}],"about":[{"href":"https:\/\/diversityspace.de\/index.php?rest_route=\/wp\/v2\/types\/product"}],"replies":[{"embeddable":true,"href":"https:\/\/diversityspace.de\/index.php?rest_route=%2Fwp%2Fv2%2Fcomments&post=23"}],"wp:featuredmedia":[{"embeddable":true,"href":"https:\/\/diversityspace.de\/index.php?rest_route=\/wp\/v2\/media\/24"}],"wp:attachment":[{"href":"https:\/\/diversityspace.de\/index.php?rest_route=%2Fwp%2Fv2%2Fmedia&parent=23"}],"wp:term":[{"taxonomy":"product_brand","embeddable":true,"href":"https:\/\/diversityspace.de\/index.php?rest_route=%2Fwp%2Fv2%2Fproduct_brand&post=23"},{"taxonomy":"product_cat","embeddable":true,"href":"https:\/\/diversityspace.de\/index.php?rest_route=%2Fwp%2Fv2%2Fproduct_cat&post=23"},{"taxonomy":"product_tag","embeddable":true,"href":"https:\/\/diversityspace.de\/index.php?rest_route=%2Fwp%2Fv2%2Fproduct_tag&post=23"}],"curies":[{"name":"wp","href":"https:\/\/api.w.org\/{rel}","templated":true}]}}