{"id":37,"date":"2020-10-26T21:17:04","date_gmt":"2020-10-26T20:17:04","guid":{"rendered":"https:\/\/diversityspace.de\/?post_type=product&#038;p=37"},"modified":"2026-02-05T20:56:04","modified_gmt":"2026-02-05T19:56:04","slug":"ramas-flucht","status":"publish","type":"product","link":"https:\/\/diversityspace.de\/?product=ramas-flucht","title":{"rendered":"Ramas Flucht"},"content":{"rendered":"<p><strong>Verlagsbeschreibung<\/strong><\/p>\n<p>&#8222;Rama und ihr Bruder Sami spielten mit ihren Freunden, lachten, rannten \u00fcber Sand und Steine, frei wie V\u00f6gel. Ihr Vater arbeitete auf dem Feld und der Gro\u00dfvater fing Fische. Doch das war fr\u00fcher. Dann kam der Krieg. Die V\u00f6gel h\u00f6rten auf zu singen und die Menschen gingen fort aus dem Dorf. Wenige erst, dann immer mehr, ein ganzer Strom. Eines Tages ist es so weit: Ramas Familie schlie\u00dft sich dem Strom der Fl\u00fcchtenden an, auf der Suche nach einem besseren Leben. Sie gehen, immer weiter und weiter, bis sie schlie\u00dflich in ein Boot steigen, das sie \u00fcbers Meer bringt. Der syrische K\u00fcnstler Nizar Ali Badr bringt Steine zum Reden. Seine ausdrucksstarken und ber\u00fchrenden Steinbilder erz\u00e4hlen Geschichten von Flucht, Angst und gro\u00dfem Leid, aber auch von Menschlichkeit, Freude und Hoffnung.&#8220; \u00a9 Gerstenberg Verlag<\/p>\n<p><strong>Diversit\u00e4tsreflexivit\u00e4t des Produkts<\/strong><\/p>\n<p>In dem Buch wird Diversit\u00e4t nicht als Hauptthema behandelt. Es geht um das Thema Herkunft, ohne dass jemals dar\u00fcber gesprochen wird, wo Ramas Familie wirklich herkommt, oder wo sie ankommt. Aber genau diese nicht-Thematisierung der Details \u00fcber die Orte der Flucht macht dieses Buch sehr divers. Viele gefl\u00fcchtete Familie bekommen so die M\u00f6glichkeit, sich mit dieser Geschichte zu identifizieren, egal von wo sie geflohen sind und egal wohin sie geflohen sind. Dieser Aspekt wird durch die Illustrationen des Steinhauers Nizar Ali Badr unterstrichen. Durch die Darstellung der Personen durch Steine ist kein \u00e4u\u00dferer Aspekt der Personen auszumachen, der auf ihre Herkunft schlie\u00dfen lassen k\u00f6nnte.<\/p>\n<p>Ebenfalls interessant zu erw\u00e4hnen ist, dass die vorliegende Ausgabe sowohl in deutscher als auch in arabischer Sprache abgedruckt ist. Somit ist das Buch auch geeignet f\u00fcr Familien, die aus dem arabischen Raum geflohen sind.<\/p>\n","protected":false},"excerpt":{"rendered":"<p>Verlagsbeschreibung &#8222;Rama und ihr Bruder Sami spielten mit ihren Freunden, lachten, rannten \u00fcber Sand und Steine, frei wie V\u00f6gel. Ihr Vater arbeitete auf dem Feld und der Gro\u00dfvater fing Fische. Doch das war fr\u00fcher. Dann kam der Krieg. Die V\u00f6gel h\u00f6rten auf zu singen und die Menschen gingen fort aus dem Dorf. Wenige erst, dann [&hellip;]<\/p>\n","protected":false},"featured_media":38,"comment_status":"open","ping_status":"closed","template":"","meta":[],"product_brand":[],"product_cat":[283,282],"product_tag":[201],"class_list":{"0":"post-37","1":"product","2":"type-product","3":"status-publish","4":"has-post-thumbnail","6":"product_cat-class","7":"product_cat-race","8":"product_tag-normalisierung-und-empowerment","10":"first","11":"instock","12":"shipping-taxable","13":"purchasable","14":"product-type-simple"},"_links":{"self":[{"href":"https:\/\/diversityspace.de\/index.php?rest_route=\/wp\/v2\/product\/37","targetHints":{"allow":["GET"]}}],"collection":[{"href":"https:\/\/diversityspace.de\/index.php?rest_route=\/wp\/v2\/product"}],"about":[{"href":"https:\/\/diversityspace.de\/index.php?rest_route=\/wp\/v2\/types\/product"}],"replies":[{"embeddable":true,"href":"https:\/\/diversityspace.de\/index.php?rest_route=%2Fwp%2Fv2%2Fcomments&post=37"}],"wp:featuredmedia":[{"embeddable":true,"href":"https:\/\/diversityspace.de\/index.php?rest_route=\/wp\/v2\/media\/38"}],"wp:attachment":[{"href":"https:\/\/diversityspace.de\/index.php?rest_route=%2Fwp%2Fv2%2Fmedia&parent=37"}],"wp:term":[{"taxonomy":"product_brand","embeddable":true,"href":"https:\/\/diversityspace.de\/index.php?rest_route=%2Fwp%2Fv2%2Fproduct_brand&post=37"},{"taxonomy":"product_cat","embeddable":true,"href":"https:\/\/diversityspace.de\/index.php?rest_route=%2Fwp%2Fv2%2Fproduct_cat&post=37"},{"taxonomy":"product_tag","embeddable":true,"href":"https:\/\/diversityspace.de\/index.php?rest_route=%2Fwp%2Fv2%2Fproduct_tag&post=37"}],"curies":[{"name":"wp","href":"https:\/\/api.w.org\/{rel}","templated":true}]}}