{"id":53,"date":"2020-10-26T21:35:44","date_gmt":"2020-10-26T20:35:44","guid":{"rendered":"https:\/\/diversityspace.de\/?post_type=product&#038;p=53"},"modified":"2026-08-06T12:49:30","modified_gmt":"2026-08-06T10:49:30","slug":"du-gehoerst-nicht-dazu","status":"publish","type":"product","link":"https:\/\/diversityspace.de\/?product=du-gehoerst-nicht-dazu","title":{"rendered":"Du geh\u00f6rst nicht dazu!"},"content":{"rendered":"<p><strong><a href=\"https:\/\/diversityspace.de\/wp-content\/uploads\/2024\/07\/06_DivSpace_Hamacher_Satz4.pdf\">2024_Hamacher_geh\u00f6rst nicht dazu_BDA<\/a><\/strong><\/p>\n<p><strong>Verlagsbeschreibung<\/strong><\/p>\n<p>&#8222;Seit Johannes in seine Gruppe gekommen ist, mag Tommi nicht mehr in den Kindergarten gehen. Trottel hat Johannes ihn schon genannt, ihm ein Bein gestellt und ihn ausgelacht. Und die anderen Kinder? Die haben mitgelacht. Mama wei\u00df nichts davon. Auch Nina, die Erzieherin, nicht. Denn wenn Tommi petzt, wird alles noch viel schlimmer &#8230;<\/p>\n<p>Dass Kinder sich streiten, ist vollkommen normal. Wird ein Kind aber systematisch ausgegrenzt, spricht man von Mobbing. Tommis Geschichte m\u00f6chte Kinder, Eltern und Erzieher gleicherma\u00dfen f\u00fcr dieses Thema sensibilisieren. Sie macht Mut, das Schweigen zu durchbrechen, und gibt Tipps, wie Kinder mit ihrer Wut umgehen k\u00f6nnen oder gegenseitigen Respekt und einen positiven Umgang miteinander \u00fcben.&#8220; \u00a9 Coppenrath<\/p>\n<p><strong>Diversit\u00e4tsreflexivit\u00e4t des Produktes<\/strong><\/p>\n<p>Mobbing kann bereits im Kita-Alltag unter Kindern vorkommen. Das Buch \u201eDu geh\u00f6rst nicht dazu!\u201c von Antje Szillat und Marion Goedelt greift dies kindgerecht auf und macht am Beispiel von Tommi systematische Ausgrenzung sichtbar. Es zeigt sowohl Tommis Perspektive und seine Reaktionen als auch die Sichtweise der Mobbenden und sensibilisiert so f\u00fcr die unterschiedlichen Beweggr\u00fcnde und Anzeichen von Mobbing. Das Buch kann einen Perspektivwechsel anregen und damit Einf\u00fchlungsverm\u00f6gen und Empathie st\u00e4rken. Indem es das Bed\u00fcrfnis aller Menschen nach Zugeh\u00f6rigkeit betont und deutlich macht, dass Sprechen gegen Mobbing hilft, normalisiert es das Ansprechen von Ausgrenzung. Zugleich regt es dazu an, Machtdynamiken innerhalb einer Gruppe zu hinterfragen.<br \/>\nEine spezifische Diversit\u00e4tskategorie wird nicht angesprochen; das Buch kann daher allein kein Empowerment einer bestimmten Gruppe leisten, sondern aller Kinder. Hierin liegt zugleich seine Leerstelle.<br \/>\nDas Buch schlie\u00dft mit Hinweisen und spielerischen Methoden f\u00fcr Kinder und Erwachsene rund um Gef\u00fchle, Wertsch\u00e4tzung und den Umgang mit Mobbing. Daran kann eine gemeinsame Bilderbuchbetrachtung ankn\u00fcpfen, in der Mobbing- und Diskriminierungsprozesse kritisch beleuchtet werden. Wichtig ist dabei Wissen \u00fcber den Unterschied zwischen Streit- und Mobbingsituationen sowie \u00fcber die unterschiedlichen Rollen innerhalb von Mobbingdynamiken.<\/p>\n","protected":false},"excerpt":{"rendered":"<p>2024_Hamacher_geh\u00f6rst nicht dazu_BDA Verlagsbeschreibung &#8222;Seit Johannes in seine Gruppe gekommen ist, mag Tommi nicht mehr in den Kindergarten gehen. Trottel hat Johannes ihn schon genannt, ihm ein Bein gestellt und ihn ausgelacht. Und die anderen Kinder? Die haben mitgelacht. Mama wei\u00df nichts davon. Auch Nina, die Erzieherin, nicht. Denn wenn Tommi petzt, wird alles noch [&hellip;]<\/p>\n","protected":false},"featured_media":54,"comment_status":"open","ping_status":"closed","template":"","meta":[],"product_brand":[],"product_cat":[284],"product_tag":[160],"class_list":["post-53","product","type-product","status-publish","has-post-thumbnail","product_cat-body","product_tag-normalisierung-und-dekonstruktion","first","instock","shipping-taxable","purchasable","product-type-simple"],"_links":{"self":[{"href":"https:\/\/diversityspace.de\/index.php?rest_route=\/wp\/v2\/product\/53","targetHints":{"allow":["GET"]}}],"collection":[{"href":"https:\/\/diversityspace.de\/index.php?rest_route=\/wp\/v2\/product"}],"about":[{"href":"https:\/\/diversityspace.de\/index.php?rest_route=\/wp\/v2\/types\/product"}],"replies":[{"embeddable":true,"href":"https:\/\/diversityspace.de\/index.php?rest_route=%2Fwp%2Fv2%2Fcomments&post=53"}],"wp:featuredmedia":[{"embeddable":true,"href":"https:\/\/diversityspace.de\/index.php?rest_route=\/wp\/v2\/media\/54"}],"wp:attachment":[{"href":"https:\/\/diversityspace.de\/index.php?rest_route=%2Fwp%2Fv2%2Fmedia&parent=53"}],"wp:term":[{"taxonomy":"product_brand","embeddable":true,"href":"https:\/\/diversityspace.de\/index.php?rest_route=%2Fwp%2Fv2%2Fproduct_brand&post=53"},{"taxonomy":"product_cat","embeddable":true,"href":"https:\/\/diversityspace.de\/index.php?rest_route=%2Fwp%2Fv2%2Fproduct_cat&post=53"},{"taxonomy":"product_tag","embeddable":true,"href":"https:\/\/diversityspace.de\/index.php?rest_route=%2Fwp%2Fv2%2Fproduct_tag&post=53"}],"curies":[{"name":"wp","href":"https:\/\/api.w.org\/{rel}","templated":true}]}}

Du gehörst nicht dazu!

<p><strong><a href="https://diversityspace.de/wp-content/uploads/2024/07/06_DivSpace_Hamacher_Satz4.pdf">2024_Hamacher_gehörst nicht dazu_BDA</a></strong></p>
<p><strong>Verlagsbeschreibung</strong></p>
<p>&#8222;Seit Johannes in seine Gruppe gekommen ist, mag Tommi nicht mehr in den Kindergarten gehen. Trottel hat Johannes ihn schon genannt, ihm ein Bein gestellt und ihn ausgelacht. Und die anderen Kinder? Die haben mitgelacht. Mama weiß nichts davon. Auch Nina, die Erzieherin, nicht. Denn wenn Tommi petzt, wird alles noch viel schlimmer &#8230;</p>
<p>Dass Kinder sich streiten, ist vollkommen normal. Wird ein Kind aber systematisch ausgegrenzt, spricht man von Mobbing. Tommis Geschichte möchte Kinder, Eltern und Erzieher gleichermaßen für dieses Thema sensibilisieren. Sie macht Mut, das Schweigen zu durchbrechen, und gibt Tipps, wie Kinder mit ihrer Wut umgehen können oder gegenseitigen Respekt und einen positiven Umgang miteinander üben.&#8220; © Coppenrath</p>
<p><strong>Diversitätsreflexivität des Produktes</strong></p>
<p>Mobbing kann bereits im Kita-Alltag unter Kindern vorkommen. Das Buch „Du gehörst nicht dazu!“ von Antje Szillat und Marion Goedelt greift dies kindgerecht auf und macht am Beispiel von Tommi systematische Ausgrenzung sichtbar. Es zeigt sowohl Tommis Perspektive und seine Reaktionen als auch die Sichtweise der Mobbenden und sensibilisiert so für die unterschiedlichen Beweggründe und Anzeichen von Mobbing. Das Buch kann einen Perspektivwechsel anregen und damit Einfühlungsvermögen und Empathie stärken. Indem es das Bedürfnis aller Menschen nach Zugehörigkeit betont und deutlich macht, dass Sprechen gegen Mobbing hilft, normalisiert es das Ansprechen von Ausgrenzung. Zugleich regt es dazu an, Machtdynamiken innerhalb einer Gruppe zu hinterfragen.<br />
Eine spezifische Diversitätskategorie wird nicht angesprochen; das Buch kann daher allein kein Empowerment einer bestimmten Gruppe leisten, sondern aller Kinder. Hierin liegt zugleich seine Leerstelle.<br />
Das Buch schließt mit Hinweisen und spielerischen Methoden für Kinder und Erwachsene rund um Gefühle, Wertschätzung und den Umgang mit Mobbing. Daran kann eine gemeinsame Bilderbuchbetrachtung anknüpfen, in der Mobbing- und Diskriminierungsprozesse kritisch beleuchtet werden. Wichtig ist dabei Wissen über den Unterschied zwischen Streit- und Mobbingsituationen sowie über die unterschiedlichen Rollen innerhalb von Mobbingdynamiken.</p>

<p>2024_Hamacher_gehörst nicht dazu_BDA Verlagsbeschreibung &#8222;Seit Johannes in seine Gruppe gekommen ist, mag Tommi nicht mehr in den Kindergarten gehen. Trottel hat Johannes ihn schon genannt, ihm ein Bein gestellt und ihn ausgelacht. Und die anderen Kinder? Die haben mitgelacht. Mama weiß nichts davon. Auch Nina, die Erzieherin, nicht. Denn wenn Tommi petzt, wird alles noch [&hellip;]</p>
