{"id":57,"date":"2020-10-26T21:38:42","date_gmt":"2020-10-26T20:38:42","guid":{"rendered":"https:\/\/diversityspace.de\/?post_type=product&#038;p=57"},"modified":"2026-04-16T11:38:45","modified_gmt":"2026-04-16T09:38:45","slug":"kalle-und-elsa","status":"publish","type":"product","link":"https:\/\/diversityspace.de\/?product=kalle-und-elsa","title":{"rendered":"Kalle und Elsa"},"content":{"rendered":"<p><strong>Verlagsbeschreibung<\/strong><\/p>\n<p style=\"text-align: center;\">&#8222;Zwei Freunde, ein gew\u00f6hnlicher Nachmittag bei gutem Wetter \u2026 \u201eMama, d\u00fcrfen wir raus?\u201c \u2013 mit dieser simplen Frage beginnt ein Abenteuer, wie es nur zwei kleine Strolche erleben k\u00f6nnen. Mehr als ein Garten, eine Decke und Proviant sind nicht n\u00f6tig, und schon befindet man sich im tiefsten Dschungel und beweist seinen Mut in der Nacht, wenn die W\u00f6lfe heulen. Dem K\u00fcnstlerpaar Jenny und Jes\u00fas Verona gelingt es, eine Alltagsgeschichte in reizvoll modernen Bildern und mit wenigen treffenden Worten zu erz\u00e4hlen. Wir brauchen mehr von solchen Geschichten, die jeder selbst erleben kann, der nur genug Fantasie hat!&#8220; \u00a9 Bohem Press<\/p>\n<p><strong>Diversit\u00e4tsreflexivit\u00e4t des Produkts<\/strong><\/p>\n<p>In dem Kinderbuch geht es um die beiden besten Freunde Kalle und Elsa. Die fantasievolle Geschichte l\u00f6st bestehende und veraltete Rollenbilder auf und entfernt sich von der Annahme, Jungen seien stark und mutig, M\u00e4dchen hingegen emotionaler und sensibler. Hier wird kindgerecht gezeigt, dass auch Jungen emotional, f\u00fcrsorglich, aber auch besch\u00fctzend sein k\u00f6nnen und dass auch M\u00e4dchen gerne auf Entdeckungstour gehen, H\u00fctten bauen und mutig gegen Ungeheuer k\u00e4mpfen k\u00f6nnen.<\/p>\n<p>Auf einer anderen Ebene findet in dem Kinderbuch eine Normalisierung von Differenz statt. Kalle ist ein Schwarzer Junge, Elsa ein <em>wei\u00dfes<\/em> M\u00e4dchen. Die Differenzkategorien Gender und Race* werden nicht besonders herausgestellt, sondern als selbstverst\u00e4ndlich hingenommen. Hier kommt die kindliche Leichtigkeit zum Tragen, Menschen als Menschen zu sehen, neugierig durch die Welt zu gehen und Mitmenschen nicht in Schubladen zu stecken oder Andersheit Bedeutung zu schenken. Ebenso ist der Diversit\u00e4t innerhalb einer Familie Beachtung zu schenken, da bestimmten Normbildern einer Familie entgegengewirkt wird, indem die Mutter von Kalle hier keine Schwarze Person, sondern eine\u00a0<em>wei\u00dfe <\/em>Person darstellt.<\/p>\n<p>Die Geschichte von Kalle und Elsa zeigt auch Erwachsenen, dass jede*r Mensch auf eigene Art und Weise einzigartig und wertvoll ist.<\/p>\n","protected":false},"excerpt":{"rendered":"<p>Verlagsbeschreibung &#8222;Zwei Freunde, ein gew\u00f6hnlicher Nachmittag bei gutem Wetter \u2026 \u201eMama, d\u00fcrfen wir raus?\u201c \u2013 mit dieser simplen Frage beginnt ein Abenteuer, wie es nur zwei kleine Strolche erleben k\u00f6nnen. Mehr als ein Garten, eine Decke und Proviant sind nicht n\u00f6tig, und schon befindet man sich im tiefsten Dschungel und beweist seinen Mut in der [&hellip;]<\/p>\n","protected":false},"featured_media":543,"comment_status":"open","ping_status":"closed","template":"","meta":[],"product_brand":[],"product_cat":[285,282],"product_tag":[160],"class_list":{"0":"post-57","1":"product","2":"type-product","3":"status-publish","4":"has-post-thumbnail","6":"product_cat-gender","7":"product_cat-race","8":"product_tag-normalisierung-und-dekonstruktion","10":"first","11":"instock","12":"shipping-taxable","13":"purchasable","14":"product-type-simple"},"_links":{"self":[{"href":"https:\/\/diversityspace.de\/index.php?rest_route=\/wp\/v2\/product\/57","targetHints":{"allow":["GET"]}}],"collection":[{"href":"https:\/\/diversityspace.de\/index.php?rest_route=\/wp\/v2\/product"}],"about":[{"href":"https:\/\/diversityspace.de\/index.php?rest_route=\/wp\/v2\/types\/product"}],"replies":[{"embeddable":true,"href":"https:\/\/diversityspace.de\/index.php?rest_route=%2Fwp%2Fv2%2Fcomments&post=57"}],"wp:featuredmedia":[{"embeddable":true,"href":"https:\/\/diversityspace.de\/index.php?rest_route=\/wp\/v2\/media\/543"}],"wp:attachment":[{"href":"https:\/\/diversityspace.de\/index.php?rest_route=%2Fwp%2Fv2%2Fmedia&parent=57"}],"wp:term":[{"taxonomy":"product_brand","embeddable":true,"href":"https:\/\/diversityspace.de\/index.php?rest_route=%2Fwp%2Fv2%2Fproduct_brand&post=57"},{"taxonomy":"product_cat","embeddable":true,"href":"https:\/\/diversityspace.de\/index.php?rest_route=%2Fwp%2Fv2%2Fproduct_cat&post=57"},{"taxonomy":"product_tag","embeddable":true,"href":"https:\/\/diversityspace.de\/index.php?rest_route=%2Fwp%2Fv2%2Fproduct_tag&post=57"}],"curies":[{"name":"wp","href":"https:\/\/api.w.org\/{rel}","templated":true}]}}