{"id":57,"date":"2020-10-26T21:38:42","date_gmt":"2020-10-26T20:38:42","guid":{"rendered":"https:\/\/diversityspace.de\/?post_type=product&#038;p=57"},"modified":"2026-08-06T12:53:55","modified_gmt":"2026-08-06T10:53:55","slug":"kalle-und-elsa","status":"publish","type":"product","link":"https:\/\/diversityspace.de\/?product=kalle-und-elsa","title":{"rendered":"Kalle und Elsa"},"content":{"rendered":"<p><strong>Verlagsbeschreibung<\/strong><\/p>\n<p style=\"text-align: center;\">&#8222;Zwei Freunde, ein gew\u00f6hnlicher Nachmittag bei gutem Wetter \u2026 \u201eMama, d\u00fcrfen wir raus?\u201c \u2013 mit dieser simplen Frage beginnt ein Abenteuer, wie es nur zwei kleine Strolche erleben k\u00f6nnen. Mehr als ein Garten, eine Decke und Proviant sind nicht n\u00f6tig, und schon befindet man sich im tiefsten Dschungel und beweist seinen Mut in der Nacht, wenn die W\u00f6lfe heulen. Dem K\u00fcnstlerpaar Jenny und Jes\u00fas Verona gelingt es, eine Alltagsgeschichte in reizvoll modernen Bildern und mit wenigen treffenden Worten zu erz\u00e4hlen. Wir brauchen mehr von solchen Geschichten, die jeder selbst erleben kann, der nur genug Fantasie hat!&#8220; \u00a9 Bohem Press<\/p>\n<p><strong>Diversit\u00e4tsreflexivit\u00e4t des Produkts<\/strong><\/p>\n<p>Das Buch \u201eKalle und Elsa\u201c erz\u00e4hlt von den beiden Freund*innen Kalle und Elsa, die mit viel Fantasie gemeinsam ein Abenteuer im Garten erleben. Angesprochen werden die Diversit\u00e4tskategorien Gender und Race*: Kalle ist ein Schwarzer Junge*, Elsa ein <em>wei\u00dfes<\/em> M\u00e4dchen*, und beide werden jenseits stereotyper Geschlechterbilder dargestellt. So wird gezeigt, dass Jungen* emotional und f\u00fcrsorglich sein k\u00f6nnen und M\u00e4dchen* auf Entdeckungstour gehen, H\u00fctten bauen und mutig gegen Ungeheuer k\u00e4mpfen. Stereotype Rollenbilder werden auf diese Weise dekonstruiert und Vielfalt wird nicht eigens erkl\u00e4rt oder hervorgehoben, sondern als Selbstverst\u00e4ndlichkeit normalisiert.<br \/>\nEine Leerstelle besteht darin, dass weitere Kategorien wie Class oder Body nicht aufgegriffen werden und Ausgrenzung oder Diskriminierung im Buch nicht thematisiert sind.<br \/>\nDas Buch kann als Gespr\u00e4chsanlass dienen, um \u00fcber Freund*innenschaft und ein tolerantes Miteinander, aber auch \u00fcber Ausgrenzung und Vorurteile zu sprechen. Daf\u00fcr braucht es p\u00e4dagogische Fachkr\u00e4fte, die bestehende gesellschaftliche Normen in Bezug auf Race* und Gender kritisch reflektieren.<\/p>\n<p>&nbsp;<\/p>\n","protected":false},"excerpt":{"rendered":"<p>Verlagsbeschreibung &#8222;Zwei Freunde, ein gew\u00f6hnlicher Nachmittag bei gutem Wetter \u2026 \u201eMama, d\u00fcrfen wir raus?\u201c \u2013 mit dieser simplen Frage beginnt ein Abenteuer, wie es nur zwei kleine Strolche erleben k\u00f6nnen. Mehr als ein Garten, eine Decke und Proviant sind nicht n\u00f6tig, und schon befindet man sich im tiefsten Dschungel und beweist seinen Mut in der [&hellip;]<\/p>\n","protected":false},"featured_media":543,"comment_status":"open","ping_status":"closed","template":"","meta":[],"product_brand":[],"product_cat":[285,282],"product_tag":[160],"class_list":["post-57","product","type-product","status-publish","has-post-thumbnail","product_cat-gender","product_cat-race","product_tag-normalisierung-und-dekonstruktion","first","instock","shipping-taxable","purchasable","product-type-simple"],"_links":{"self":[{"href":"https:\/\/diversityspace.de\/index.php?rest_route=\/wp\/v2\/product\/57","targetHints":{"allow":["GET"]}}],"collection":[{"href":"https:\/\/diversityspace.de\/index.php?rest_route=\/wp\/v2\/product"}],"about":[{"href":"https:\/\/diversityspace.de\/index.php?rest_route=\/wp\/v2\/types\/product"}],"replies":[{"embeddable":true,"href":"https:\/\/diversityspace.de\/index.php?rest_route=%2Fwp%2Fv2%2Fcomments&post=57"}],"wp:featuredmedia":[{"embeddable":true,"href":"https:\/\/diversityspace.de\/index.php?rest_route=\/wp\/v2\/media\/543"}],"wp:attachment":[{"href":"https:\/\/diversityspace.de\/index.php?rest_route=%2Fwp%2Fv2%2Fmedia&parent=57"}],"wp:term":[{"taxonomy":"product_brand","embeddable":true,"href":"https:\/\/diversityspace.de\/index.php?rest_route=%2Fwp%2Fv2%2Fproduct_brand&post=57"},{"taxonomy":"product_cat","embeddable":true,"href":"https:\/\/diversityspace.de\/index.php?rest_route=%2Fwp%2Fv2%2Fproduct_cat&post=57"},{"taxonomy":"product_tag","embeddable":true,"href":"https:\/\/diversityspace.de\/index.php?rest_route=%2Fwp%2Fv2%2Fproduct_tag&post=57"}],"curies":[{"name":"wp","href":"https:\/\/api.w.org\/{rel}","templated":true}]}}

<p><strong>Verlagsbeschreibung</strong></p>
<p style="text-align: center;">&#8222;Zwei Freunde, ein gewöhnlicher Nachmittag bei gutem Wetter … „Mama, dürfen wir raus?“ – mit dieser simplen Frage beginnt ein Abenteuer, wie es nur zwei kleine Strolche erleben können. Mehr als ein Garten, eine Decke und Proviant sind nicht nötig, und schon befindet man sich im tiefsten Dschungel und beweist seinen Mut in der Nacht, wenn die Wölfe heulen. Dem Künstlerpaar Jenny und Jesús Verona gelingt es, eine Alltagsgeschichte in reizvoll modernen Bildern und mit wenigen treffenden Worten zu erzählen. Wir brauchen mehr von solchen Geschichten, die jeder selbst erleben kann, der nur genug Fantasie hat!&#8220; © Bohem Press</p>
<p><strong>Diversitätsreflexivität des Produkts</strong></p>
<p>Das Buch „Kalle und Elsa“ erzählt von den beiden Freund*innen Kalle und Elsa, die mit viel Fantasie gemeinsam ein Abenteuer im Garten erleben. Angesprochen werden die Diversitätskategorien Gender und Race*: Kalle ist ein Schwarzer Junge*, Elsa ein <em>weißes</em> Mädchen*, und beide werden jenseits stereotyper Geschlechterbilder dargestellt. So wird gezeigt, dass Jungen* emotional und fürsorglich sein können und Mädchen* auf Entdeckungstour gehen, Hütten bauen und mutig gegen Ungeheuer kämpfen. Stereotype Rollenbilder werden auf diese Weise dekonstruiert und Vielfalt wird nicht eigens erklärt oder hervorgehoben, sondern als Selbstverständlichkeit normalisiert.<br />
Eine Leerstelle besteht darin, dass weitere Kategorien wie Class oder Body nicht aufgegriffen werden und Ausgrenzung oder Diskriminierung im Buch nicht thematisiert sind.<br />
Das Buch kann als Gesprächsanlass dienen, um über Freund*innenschaft und ein tolerantes Miteinander, aber auch über Ausgrenzung und Vorurteile zu sprechen. Dafür braucht es pädagogische Fachkräfte, die bestehende gesellschaftliche Normen in Bezug auf Race* und Gender kritisch reflektieren.</p>
<p>&nbsp;</p>

<p>Verlagsbeschreibung &#8222;Zwei Freunde, ein gewöhnlicher Nachmittag bei gutem Wetter … „Mama, dürfen wir raus?“ – mit dieser simplen Frage beginnt ein Abenteuer, wie es nur zwei kleine Strolche erleben können. Mehr als ein Garten, eine Decke und Proviant sind nicht nötig, und schon befindet man sich im tiefsten Dschungel und beweist seinen Mut in der [&hellip;]</p>
