{"id":61,"date":"2020-10-26T21:42:12","date_gmt":"2020-10-26T20:42:12","guid":{"rendered":"https:\/\/diversityspace.de\/?post_type=product&#038;p=61"},"modified":"2025-11-11T17:20:07","modified_gmt":"2025-11-11T16:20:07","slug":"bist-du-feige-willi-wiberg","status":"publish","type":"product","link":"https:\/\/diversityspace.de\/?product=bist-du-feige-willi-wiberg","title":{"rendered":"Bist du feige, Willi Wiberg?"},"content":{"rendered":"<p><strong>Verlagsbeschreibung<\/strong><\/p>\n<p>&#8222;Willi Wiberg, sechs Jahre alt, mag sich nicht mit anderen Kindern pr\u00fcgeln. Die glauben deshalb, dass er keine Muskeln hat und sich nicht mit ihnen pr\u00fcgeln kann. Aber das stimmt nicht. Willi ist stark. Genauso stark wie die anderen. Er kann schwere Einkaufst\u00fcten schleppen, ein ganzes Tablett voller Geschirr tragen, und dicke Zweige bricht er wie nichts in der Mitte durch. Nur pr\u00fcgeln mag er sich nun mal nicht. Ob Willi Wiberg etwa feige ist? Ein Bilderbuch, das Vorurteile ausr\u00e4umt und Kindern den R\u00fccken st\u00e4rkt, auch einmal gegen den Strom zu schwimmen.&#8220; \u00a9 Oetinger<\/p>\n<p><strong>Diversit\u00e4tsreflexivit\u00e4t des Produktes<\/strong><\/p>\n<p>In dem Buch\u00a0<em>Bist du feige, Willi Wiberg?\u00a0<\/em>werden die Themen k\u00f6rperliche Gewalt zwischen Kindern und der damit zusammenh\u00e4ngende Gruppendruck verhandelt. Willi stellt in der Geschichte eine Gegenposition zu den anderen Kindern dar, indem er sich vorerst durch ausgedachte Methoden aus Rangeleien raushalten kann und in einem sp\u00e4teren Schritt seine zugrundeliegende Angst vor Pr\u00fcgeleien klar ausspricht. Hier wird zum Einen Ehrlichkeit und das Eingestehen von \u00c4ngsten positiv beleuchtet, zum Anderen bricht das Buch die Verbindung zwischen St\u00e4rke und Mut mit der Anwendung k\u00f6rperlicher Gewalt auf. Zudem versucht die Geschichte sich entwickelnde M\u00e4nnlichkeitsbilder im Kindesalter fr\u00fch zu hinterfragen und die Zuschreibung von Gewaltbereitschaft, die sich an m\u00e4nnlich gelesene Kinder richtet, aufzul\u00f6sen. Durch Willis Verhalten wird dieser nicht nur zu einer Art Vorbild f\u00fcr die anderen Kinder, sondern auch f\u00fcr seinen Papa, womit klassische Generationenverh\u00e4ltnisse zwischen &#8222;Erwachsenen&#8220; und &#8222;Kindern&#8220; aufgebrochen werden.<\/p>\n<p>Die Zeichnungen der Figuren sind mit typischen geschlechtsdefinierten Merkmalen versehen, wie M\u00e4dchen mit langen Haaren und Kleidern oder auch als gesellschaftlich weiblich definierten Merkmalen und die Jungen tragen kurze Haare, Hosen und m\u00e4nnliche Accessoires bei sich.<\/p>\n","protected":false},"excerpt":{"rendered":"<p>Verlagsbeschreibung &#8222;Willi Wiberg, sechs Jahre alt, mag sich nicht mit anderen Kindern pr\u00fcgeln. Die glauben deshalb, dass er keine Muskeln hat und sich nicht mit ihnen pr\u00fcgeln kann. Aber das stimmt nicht. Willi ist stark. Genauso stark wie die anderen. Er kann schwere Einkaufst\u00fcten schleppen, ein ganzes Tablett voller Geschirr tragen, und dicke Zweige bricht [&hellip;]<\/p>\n","protected":false},"featured_media":62,"comment_status":"open","ping_status":"closed","template":"","meta":[],"product_brand":[],"product_cat":[285],"product_tag":[128],"class_list":{"0":"post-61","1":"product","2":"type-product","3":"status-publish","4":"has-post-thumbnail","6":"product_cat-gender","7":"product_tag-dekonstruktion-und-empowerment","9":"first","10":"instock","11":"shipping-taxable","12":"purchasable","13":"product-type-simple"},"_links":{"self":[{"href":"https:\/\/diversityspace.de\/index.php?rest_route=\/wp\/v2\/product\/61","targetHints":{"allow":["GET"]}}],"collection":[{"href":"https:\/\/diversityspace.de\/index.php?rest_route=\/wp\/v2\/product"}],"about":[{"href":"https:\/\/diversityspace.de\/index.php?rest_route=\/wp\/v2\/types\/product"}],"replies":[{"embeddable":true,"href":"https:\/\/diversityspace.de\/index.php?rest_route=%2Fwp%2Fv2%2Fcomments&post=61"}],"wp:featuredmedia":[{"embeddable":true,"href":"https:\/\/diversityspace.de\/index.php?rest_route=\/wp\/v2\/media\/62"}],"wp:attachment":[{"href":"https:\/\/diversityspace.de\/index.php?rest_route=%2Fwp%2Fv2%2Fmedia&parent=61"}],"wp:term":[{"taxonomy":"product_brand","embeddable":true,"href":"https:\/\/diversityspace.de\/index.php?rest_route=%2Fwp%2Fv2%2Fproduct_brand&post=61"},{"taxonomy":"product_cat","embeddable":true,"href":"https:\/\/diversityspace.de\/index.php?rest_route=%2Fwp%2Fv2%2Fproduct_cat&post=61"},{"taxonomy":"product_tag","embeddable":true,"href":"https:\/\/diversityspace.de\/index.php?rest_route=%2Fwp%2Fv2%2Fproduct_tag&post=61"}],"curies":[{"name":"wp","href":"https:\/\/api.w.org\/{rel}","templated":true}]}}