{"id":65,"date":"2020-10-26T21:45:01","date_gmt":"2020-10-26T20:45:01","guid":{"rendered":"https:\/\/diversityspace.de\/?post_type=product&#038;p=65"},"modified":"2026-04-16T11:41:46","modified_gmt":"2026-04-16T09:41:46","slug":"klein","status":"publish","type":"product","link":"https:\/\/diversityspace.de\/?product=klein","title":{"rendered":"Klein"},"content":{"rendered":"<p><strong>Verlagsbeschreibung<\/strong><\/p>\n<p>&#8222;Dies ist die herzbeklemmende Geschichte von einem kleinen Wusel, genannt Klein. Es geht ihm nicht gut. Viel zu oft gibt es zu Hause Streit. An viel zu vielen Tagen hat Klein zu Hause Angst. Aber davon kann es keinem etwas sagen. Wer hilft ihm, wer tr\u00f6stet es, wer bringt es ins Bett, wenn es wieder so ist? Keiner, oder?<\/p>\n<p>Es kommt ein Tag, an dem Klein sich traut und der lieben Erzieherin Frau Traulich von seiner Not erz\u00e4hlt. Und das \u00e4ndert alles.&#8220; \u00a9 Klett Kinderbuch<\/p>\n<p><strong>Diversit\u00e4tsreflexivit\u00e4t des Produktes<\/strong><\/p>\n<p>\u201eKlein\u201c erz\u00e4hlt die Geschichte von Klein, das zu Hause (bei Stark und Gro\u00df) Streit und Gewalt erlebt. Bei Frau Traulich in der Kita findet es Trost und Hilfe und bei Jemand nebenan einen Zufluchtsort.<\/p>\n<p>\u201eKlein\u201c thematisiert die Differenzkategorie Kinder und Erwachsene und stellt klar heraus, dass Erwachsene die Verantwortung f\u00fcr Kinder \u00fcbernehmen und tragen. Kinder d\u00fcrfen und sollen Erwachsenen ihre Sorgen und \u00c4ngste mitteilen k\u00f6nnen und haben ein Recht darauf ernst genommen zu werden und Unterst\u00fctzung zu erhalten. \u201eKlein\u201c erf\u00e4hrt in diesem Buch die Auswirkungen seiner eigenen Handlungsf\u00e4higkeit, denn es vertraut sich an, es sucht Hilfe und es erh\u00e4lt sie auch durch das Handeln von Frau Traulich und Jemand. Somit hat die Geschichte starke empowernde und solidarische Momente.<\/p>\n<p>Auf geschlechterstereotype Darstellungen wird in diesem Buch weitgehend verzichtet. Das Buch ist handlich und rechteckig gebunden. Die Figuren sind fiktiv (Wusel) und eher tier\u00e4hnlich gezeichnet, vielf\u00e4ltig und \u201egleichwertig\u201c. Die Farbgestaltung, die Kleidung, das Spielzeug sowie die T\u00e4tigkeiten sind unspezifisch, so dass die Kategorie \u201eGeschlecht\u201c keine gro\u00dfe Rolle spielt, also dekonstruiert wird. Allerdings wird die Kitaleiterin Frau Traulich, die \u201eKlein\u201c tr\u00f6stet und daf\u00fcr sorgt, dass es Hilfe bekommt, ganz klar als weibliche Person konstruiert. Und auch auf der ersten Seite des Buches wird eine Familie deutlich als Mutter, Vater und Kind abgebildet.<\/p>\n<p>\u201eKlein\u201c bietet die M\u00f6glichkeit dazu, \u00fcber Gef\u00fchle (Freude, Trauer, Wut, Alleinsein, Trost, Geborgensein, Angst), Gewalt, Streit und Kinderrrechte und deren Umgang zu sprechen, die alle (Klein wie Gro\u00df) betreffen.<\/p>\n<p>&nbsp;<\/p>\n","protected":false},"excerpt":{"rendered":"<p>Verlagsbeschreibung &#8222;Dies ist die herzbeklemmende Geschichte von einem kleinen Wusel, genannt Klein. Es geht ihm nicht gut. Viel zu oft gibt es zu Hause Streit. An viel zu vielen Tagen hat Klein zu Hause Angst. Aber davon kann es keinem etwas sagen. Wer hilft ihm, wer tr\u00f6stet es, wer bringt es ins Bett, wenn es [&hellip;]<\/p>\n","protected":false},"featured_media":66,"comment_status":"open","ping_status":"closed","template":"","meta":[],"product_brand":[],"product_cat":[284],"product_tag":[201],"class_list":{"0":"post-65","1":"product","2":"type-product","3":"status-publish","4":"has-post-thumbnail","6":"product_cat-body","7":"product_tag-normalisierung-und-empowerment","9":"first","10":"instock","11":"shipping-taxable","12":"purchasable","13":"product-type-simple"},"_links":{"self":[{"href":"https:\/\/diversityspace.de\/index.php?rest_route=\/wp\/v2\/product\/65","targetHints":{"allow":["GET"]}}],"collection":[{"href":"https:\/\/diversityspace.de\/index.php?rest_route=\/wp\/v2\/product"}],"about":[{"href":"https:\/\/diversityspace.de\/index.php?rest_route=\/wp\/v2\/types\/product"}],"replies":[{"embeddable":true,"href":"https:\/\/diversityspace.de\/index.php?rest_route=%2Fwp%2Fv2%2Fcomments&post=65"}],"wp:featuredmedia":[{"embeddable":true,"href":"https:\/\/diversityspace.de\/index.php?rest_route=\/wp\/v2\/media\/66"}],"wp:attachment":[{"href":"https:\/\/diversityspace.de\/index.php?rest_route=%2Fwp%2Fv2%2Fmedia&parent=65"}],"wp:term":[{"taxonomy":"product_brand","embeddable":true,"href":"https:\/\/diversityspace.de\/index.php?rest_route=%2Fwp%2Fv2%2Fproduct_brand&post=65"},{"taxonomy":"product_cat","embeddable":true,"href":"https:\/\/diversityspace.de\/index.php?rest_route=%2Fwp%2Fv2%2Fproduct_cat&post=65"},{"taxonomy":"product_tag","embeddable":true,"href":"https:\/\/diversityspace.de\/index.php?rest_route=%2Fwp%2Fv2%2Fproduct_tag&post=65"}],"curies":[{"name":"wp","href":"https:\/\/api.w.org\/{rel}","templated":true}]}}

<p><strong>Verlagsbeschreibung</strong></p>
<p>&#8222;Dies ist die herzbeklemmende Geschichte von einem kleinen Wusel, genannt Klein. Es geht ihm nicht gut. Viel zu oft gibt es zu Hause Streit. An viel zu vielen Tagen hat Klein zu Hause Angst. Aber davon kann es keinem etwas sagen. Wer hilft ihm, wer tröstet es, wer bringt es ins Bett, wenn es wieder so ist? Keiner, oder?</p>
<p>Es kommt ein Tag, an dem Klein sich traut und der lieben Erzieherin Frau Traulich von seiner Not erzählt. Und das ändert alles.&#8220; © Klett Kinderbuch</p>
<p><strong>Diversitätsreflexivität des Produktes</strong></p>
<p>„Klein“ erzählt die Geschichte von Klein, das zu Hause (bei Stark und Groß) Streit und Gewalt erlebt. Bei Frau Traulich in der Kita findet es Trost und Hilfe und bei Jemand nebenan einen Zufluchtsort.</p>
<p>„Klein“ thematisiert die Differenzkategorie Kinder und Erwachsene und stellt klar heraus, dass Erwachsene die Verantwortung für Kinder übernehmen und tragen. Kinder dürfen und sollen Erwachsenen ihre Sorgen und Ängste mitteilen können und haben ein Recht darauf ernst genommen zu werden und Unterstützung zu erhalten. „Klein“ erfährt in diesem Buch die Auswirkungen seiner eigenen Handlungsfähigkeit, denn es vertraut sich an, es sucht Hilfe und es erhält sie auch durch das Handeln von Frau Traulich und Jemand. Somit hat die Geschichte starke empowernde und solidarische Momente.</p>
<p>Auf geschlechterstereotype Darstellungen wird in diesem Buch weitgehend verzichtet. Das Buch ist handlich und rechteckig gebunden. Die Figuren sind fiktiv (Wusel) und eher tierähnlich gezeichnet, vielfältig und „gleichwertig“. Die Farbgestaltung, die Kleidung, das Spielzeug sowie die Tätigkeiten sind unspezifisch, so dass die Kategorie „Geschlecht“ keine große Rolle spielt, also dekonstruiert wird. Allerdings wird die Kitaleiterin Frau Traulich, die „Klein“ tröstet und dafür sorgt, dass es Hilfe bekommt, ganz klar als weibliche Person konstruiert. Und auch auf der ersten Seite des Buches wird eine Familie deutlich als Mutter, Vater und Kind abgebildet.</p>
<p>„Klein“ bietet die Möglichkeit dazu, über Gefühle (Freude, Trauer, Wut, Alleinsein, Trost, Geborgensein, Angst), Gewalt, Streit und Kinderrrechte und deren Umgang zu sprechen, die alle (Klein wie Groß) betreffen.</p>
<p>&nbsp;</p>

<p>Verlagsbeschreibung &#8222;Dies ist die herzbeklemmende Geschichte von einem kleinen Wusel, genannt Klein. Es geht ihm nicht gut. Viel zu oft gibt es zu Hause Streit. An viel zu vielen Tagen hat Klein zu Hause Angst. Aber davon kann es keinem etwas sagen. Wer hilft ihm, wer tröstet es, wer bringt es ins Bett, wenn es [&hellip;]</p>
