{"id":738,"date":"2022-09-09T18:38:05","date_gmt":"2022-09-09T16:38:05","guid":{"rendered":"https:\/\/diversityspace.de\/?post_type=product&#038;p=738"},"modified":"2025-11-10T12:50:02","modified_gmt":"2025-11-10T11:50:02","slug":"gebaerden-alphabet-mit-tastbaren-buchstaben-in-lateinischer-schrift-und-in-handzeichen","status":"publish","type":"product","link":"https:\/\/diversityspace.de\/?product=gebaerden-alphabet-mit-tastbaren-buchstaben-in-lateinischer-schrift-und-in-handzeichen","title":{"rendered":"Geb\u00e4rden-Alphabet mit tastbaren Buchstaben. In lateinischer Schrift und in Handzeichen"},"content":{"rendered":"<p><strong>Beschreibung des Herstellers<\/strong><\/p>\n<p>Dieses nachhaltige 26-teilige Geb\u00e4rden-Alphabet kann 2-seitig bespielt werden. Auf der einen sind tastbare Gro\u00dfbuchstaben und darunter Kleinbuchstaben in lateinischer Schrift, auf der anderen die Geb\u00e4rden-Handzeichen.<br \/>\nOptimal zum Erlernen der Buchstaben wie der Geb\u00e4rden und der F\u00f6rderung sensomotorischer F\u00e4higkeiten. Es zeigt die Vielfalt von Schriften und Sprachen.<br \/>\nDie Buchstaben sind dreidimensional und k\u00f6nnen leicht mit Papier und Bleistift abgepaust werden \u2013 f\u00fcr ein zus\u00e4tzliches Lernspiel.<br \/>\nDamit ist es ideal f\u00fcr Kindertageseinrichtungen, F\u00f6rdereinrichtungen und allen, denen Vielfalt am Herzen liegt.<br \/>\nHergestellt wird das Spiel aus nachhaltigem Kautschukbaum-Vollholz. \u00a9 plantoys<\/p>\n<p><strong>Diversit\u00e4tsreflexivit\u00e4t des Produkts<\/strong><\/p>\n<p>Das Geb\u00e4rden-Alphabet mit tastbaren Buchstaben verbindet visuelle, haptische und gestische Zug\u00e4nge zur Sprache. Es zeigt die Buchstaben des lateinischen Alphabets in erhabener tastbarer Form sowie in den entsprechenden Handzeichen der Deutschen Geb\u00e4rdensprache (DGS). Kinder k\u00f6nnen die Buchstaben sehen, f\u00fchlen und in Geb\u00e4rden ausdr\u00fccken \u2013 und so auf vielf\u00e4ltige Weise Sprache erfahren. Das Material unterst\u00fctzt die Mehrkanaligkeit des Lernens, f\u00f6rdert die Verkn\u00fcpfung von Motorik, Wahrnehmung und Symbolverst\u00e4ndnis und \u00f6ffnet den Zugang zu Schrift und Geb\u00e4rde gleicherma\u00dfen. Aus diversit\u00e4tsreflexiver Perspektive leistet das Geb\u00e4rden-Alphabet einen wichtigen Beitrag zur sprachlichen Inklusion und Barrierefreiheit. Es macht Geb\u00e4rdensprache als gleichwertige Kommunikationsform sichtbar und wertsch\u00e4tzt unterschiedliche Ausdrucksweisen von Sprache und Kommunikation. Kinder mit und ohne Geh\u00f6rlosigkeit k\u00f6nnen gemeinsam entdecken, wie vielf\u00e4ltig Verst\u00e4ndigung sein kann \u2013 durch Sehen, F\u00fchlen und Geb\u00e4rden. So wird das Alphabet zu einem Lernmaterial, das Vielfalt, Zug\u00e4nglichkeit und Teilhabe auf nat\u00fcrliche Weise miteinander verbindet.<\/p>\n","protected":false},"excerpt":{"rendered":"<p>Beschreibung des Herstellers Dieses nachhaltige 26-teilige Geb\u00e4rden-Alphabet kann 2-seitig bespielt werden. Auf der einen sind tastbare Gro\u00dfbuchstaben und darunter Kleinbuchstaben in lateinischer Schrift, auf der anderen die Geb\u00e4rden-Handzeichen. Optimal zum Erlernen der Buchstaben wie der Geb\u00e4rden und der F\u00f6rderung sensomotorischer F\u00e4higkeiten. Es zeigt die Vielfalt von Schriften und Sprachen. Die Buchstaben sind dreidimensional und k\u00f6nnen [&hellip;]<\/p>\n","protected":false},"featured_media":0,"comment_status":"open","ping_status":"closed","template":"","meta":[],"product_brand":[],"product_cat":[284],"product_tag":[201],"class_list":{"0":"post-738","1":"product","2":"type-product","3":"status-publish","5":"product_cat-body","6":"product_tag-normalisierung-und-empowerment","8":"first","9":"instock","10":"shipping-taxable","11":"purchasable","12":"product-type-simple"},"_links":{"self":[{"href":"https:\/\/diversityspace.de\/index.php?rest_route=\/wp\/v2\/product\/738","targetHints":{"allow":["GET"]}}],"collection":[{"href":"https:\/\/diversityspace.de\/index.php?rest_route=\/wp\/v2\/product"}],"about":[{"href":"https:\/\/diversityspace.de\/index.php?rest_route=\/wp\/v2\/types\/product"}],"replies":[{"embeddable":true,"href":"https:\/\/diversityspace.de\/index.php?rest_route=%2Fwp%2Fv2%2Fcomments&post=738"}],"wp:attachment":[{"href":"https:\/\/diversityspace.de\/index.php?rest_route=%2Fwp%2Fv2%2Fmedia&parent=738"}],"wp:term":[{"taxonomy":"product_brand","embeddable":true,"href":"https:\/\/diversityspace.de\/index.php?rest_route=%2Fwp%2Fv2%2Fproduct_brand&post=738"},{"taxonomy":"product_cat","embeddable":true,"href":"https:\/\/diversityspace.de\/index.php?rest_route=%2Fwp%2Fv2%2Fproduct_cat&post=738"},{"taxonomy":"product_tag","embeddable":true,"href":"https:\/\/diversityspace.de\/index.php?rest_route=%2Fwp%2Fv2%2Fproduct_tag&post=738"}],"curies":[{"name":"wp","href":"https:\/\/api.w.org\/{rel}","templated":true}]}}