{"id":758,"date":"2022-09-21T00:15:55","date_gmt":"2022-09-20T22:15:55","guid":{"rendered":"https:\/\/diversityspace.de\/?post_type=product&#038;p=758"},"modified":"2025-11-13T14:22:01","modified_gmt":"2025-11-13T13:22:01","slug":"lernspiel-die-10-basis-emotionen-gefuehle-erkennen-benennen","status":"publish","type":"product","link":"https:\/\/diversityspace.de\/?product=lernspiel-die-10-basis-emotionen-gefuehle-erkennen-benennen","title":{"rendered":"Puzzle \u2013 die 10 Basis-Emotionen, Gef\u00fchle erkennen &#038; benennen"},"content":{"rendered":"<p><strong>Beschreibung des Herstellers<\/strong><\/p>\n<p>Die 10 Grundemotionen, die unser Verhalten durch Gestik und Mimik begleiten, k\u00f6nnen mit diesem Spiel erlernt werden. Dieses Spiel hilft den Kindern, diese Emotionen zu benennen und sie als angenehm oder unangenehm einzustufen. Zudem k\u00f6nnen sie entsprechend ihrer Intensit\u00e4t geordnet werden. Es hilft, die eigenen Emotionen und die anderer Menschen zu erkennen und Entscheidungen \u00fcber das eigenen Verhalten zu treffen. \u00a9 akros<\/p>\n<p><strong>Diversit\u00e4tsreflexivit\u00e4t des Produkts<\/strong><\/p>\n<p>Das Puzzle soll Kinder in ihrer emotionalen Entwicklung f\u00f6rdern. Hierf\u00fcr lernen sie die 10 Grundemotionen \u00dcberraschung, Schuld, Ekel, Bewunderung, Selbstvertrauen, Wut, Gl\u00fcck, Angst, Neugier und Traurigkeit in drei unterschiedlichen Ausf\u00fchrungen kennen. F\u00fcr jede Emotion gibt es drei Karten, die man nach steigender Intensit\u00e4t sortieren kann. Jede Stufe wird durch einen anderen Menschen vertreten, sodass es zu keinem eindimensionalen Abbild kommt. Es werden Schwarze, PoC, wei\u00dfe sowie alte und junge Menschen gezeigt. Menschen mit Behinderung erhalten ebenso Platz auf den Spielkarten. Kinder lernen nicht nur Emotionen, sondern auch unterschiedliche Menschen kennen, was zum Abbau von Vorurteilen f\u00fchren kann. Dennoch k\u00f6nnte das Lernspiel in seiner Gestaltung vielf\u00e4ltiger sein und weitere Kategorien, wie Religion oder Sexualit\u00e4t aufgreifen.<\/p>\n","protected":false},"excerpt":{"rendered":"<p>Beschreibung des Herstellers Die 10 Grundemotionen, die unser Verhalten durch Gestik und Mimik begleiten, k\u00f6nnen mit diesem Spiel erlernt werden. Dieses Spiel hilft den Kindern, diese Emotionen zu benennen und sie als angenehm oder unangenehm einzustufen. Zudem k\u00f6nnen sie entsprechend ihrer Intensit\u00e4t geordnet werden. Es hilft, die eigenen Emotionen und die anderer Menschen zu erkennen [&hellip;]<\/p>\n","protected":false},"featured_media":981,"comment_status":"open","ping_status":"closed","template":"","meta":[],"product_brand":[],"product_cat":[284,283,285,282],"product_tag":[160],"class_list":{"0":"post-758","1":"product","2":"type-product","3":"status-publish","4":"has-post-thumbnail","6":"product_cat-body","7":"product_cat-class","8":"product_cat-gender","9":"product_cat-race","10":"product_tag-normalisierung-und-dekonstruktion","12":"first","13":"instock","14":"shipping-taxable","15":"purchasable","16":"product-type-simple"},"_links":{"self":[{"href":"https:\/\/diversityspace.de\/index.php?rest_route=\/wp\/v2\/product\/758","targetHints":{"allow":["GET"]}}],"collection":[{"href":"https:\/\/diversityspace.de\/index.php?rest_route=\/wp\/v2\/product"}],"about":[{"href":"https:\/\/diversityspace.de\/index.php?rest_route=\/wp\/v2\/types\/product"}],"replies":[{"embeddable":true,"href":"https:\/\/diversityspace.de\/index.php?rest_route=%2Fwp%2Fv2%2Fcomments&post=758"}],"wp:featuredmedia":[{"embeddable":true,"href":"https:\/\/diversityspace.de\/index.php?rest_route=\/wp\/v2\/media\/981"}],"wp:attachment":[{"href":"https:\/\/diversityspace.de\/index.php?rest_route=%2Fwp%2Fv2%2Fmedia&parent=758"}],"wp:term":[{"taxonomy":"product_brand","embeddable":true,"href":"https:\/\/diversityspace.de\/index.php?rest_route=%2Fwp%2Fv2%2Fproduct_brand&post=758"},{"taxonomy":"product_cat","embeddable":true,"href":"https:\/\/diversityspace.de\/index.php?rest_route=%2Fwp%2Fv2%2Fproduct_cat&post=758"},{"taxonomy":"product_tag","embeddable":true,"href":"https:\/\/diversityspace.de\/index.php?rest_route=%2Fwp%2Fv2%2Fproduct_tag&post=758"}],"curies":[{"name":"wp","href":"https:\/\/api.w.org\/{rel}","templated":true}]}}