{"id":785,"date":"2022-10-06T09:57:53","date_gmt":"2022-10-06T07:57:53","guid":{"rendered":"https:\/\/diversityspace.de\/?post_type=product&#038;p=785"},"modified":"2025-11-08T16:59:12","modified_gmt":"2025-11-08T15:59:12","slug":"sammi-kinderreporter-kinderreporterin-finn","status":"publish","type":"product","link":"https:\/\/diversityspace.de\/?product=sammi-kinderreporter-kinderreporterin-finn","title":{"rendered":"Sammi Kinderreporter \/ Kinderreporterin &#8222;Finn&#8220;"},"content":{"rendered":"<p><strong>Beschreibung des Herstellers<\/strong><\/p>\n<p>Finn Sammi schreibt Artikel f\u00fcr die Schulzeitung. Da gibt es immer etwas zu tun und manchmal ist es sogar ein wenig stressig. Es wird berichtet \u00fcber die Bundesjugendspiele, die Leichtathletikwettbewerbe oder den Poetry-Slam \u2013 obwohl da nimmt Sami auch gerne einmal selber teil. \u00a9 Arklu &#8211; Lottie<\/p>\n<p><strong>Diversit\u00e4tsreflexivit\u00e4t des Produkts<\/strong><\/p>\n<p>Die Puppe &#8222;Finn&#8220; markiert die Kategorien Geschlecht und Hautfarbe und wird auf den ersten Blick als eine m\u00e4nnliche* Puppe bestimmt. Sie ermutigt Schwarze, PoC und <em>wei\u00dfe<\/em> Kinder ihren Hobbies nachzugehen, mutig, selbstbestimmt und k\u00fchn zu sein. Die Gestaltung der Puppe entspricht nicht den bin\u00e4ren Geschlechtervorstellungen, da Finn gendersensible gekleidet ist. Die Rolle, die Finn einnimmt, er\u00f6ffnet dem Kind unterschiedliche Spielr\u00e4ume, um seine Kindheit kreativ und nicht klischeebehaftet zu gestalten.<\/p>\n","protected":false},"excerpt":{"rendered":"<p>Beschreibung des Herstellers Finn Sammi schreibt Artikel f\u00fcr die Schulzeitung. Da gibt es immer etwas zu tun und manchmal ist es sogar ein wenig stressig. Es wird berichtet \u00fcber die Bundesjugendspiele, die Leichtathletikwettbewerbe oder den Poetry-Slam \u2013 obwohl da nimmt Sami auch gerne einmal selber teil. \u00a9 Arklu &#8211; Lottie Diversit\u00e4tsreflexivit\u00e4t des Produkts Die Puppe [&hellip;]<\/p>\n","protected":false},"featured_media":786,"comment_status":"open","ping_status":"closed","template":"","meta":[],"product_brand":[],"product_cat":[285,282],"product_tag":[201],"class_list":{"0":"post-785","1":"product","2":"type-product","3":"status-publish","4":"has-post-thumbnail","6":"product_cat-gender","7":"product_cat-race","8":"product_tag-normalisierung-und-empowerment","10":"first","11":"instock","12":"shipping-taxable","13":"purchasable","14":"product-type-simple"},"_links":{"self":[{"href":"https:\/\/diversityspace.de\/index.php?rest_route=\/wp\/v2\/product\/785","targetHints":{"allow":["GET"]}}],"collection":[{"href":"https:\/\/diversityspace.de\/index.php?rest_route=\/wp\/v2\/product"}],"about":[{"href":"https:\/\/diversityspace.de\/index.php?rest_route=\/wp\/v2\/types\/product"}],"replies":[{"embeddable":true,"href":"https:\/\/diversityspace.de\/index.php?rest_route=%2Fwp%2Fv2%2Fcomments&post=785"}],"wp:featuredmedia":[{"embeddable":true,"href":"https:\/\/diversityspace.de\/index.php?rest_route=\/wp\/v2\/media\/786"}],"wp:attachment":[{"href":"https:\/\/diversityspace.de\/index.php?rest_route=%2Fwp%2Fv2%2Fmedia&parent=785"}],"wp:term":[{"taxonomy":"product_brand","embeddable":true,"href":"https:\/\/diversityspace.de\/index.php?rest_route=%2Fwp%2Fv2%2Fproduct_brand&post=785"},{"taxonomy":"product_cat","embeddable":true,"href":"https:\/\/diversityspace.de\/index.php?rest_route=%2Fwp%2Fv2%2Fproduct_cat&post=785"},{"taxonomy":"product_tag","embeddable":true,"href":"https:\/\/diversityspace.de\/index.php?rest_route=%2Fwp%2Fv2%2Fproduct_tag&post=785"}],"curies":[{"name":"wp","href":"https:\/\/api.w.org\/{rel}","templated":true}]}}