{"id":787,"date":"2022-10-06T10:10:45","date_gmt":"2022-10-06T08:10:45","guid":{"rendered":"https:\/\/diversityspace.de\/?post_type=product&#038;p=787"},"modified":"2025-11-08T16:49:32","modified_gmt":"2025-11-08T15:49:32","slug":"6-spielfiguren-menschen-mit-behinderung","status":"publish","type":"product","link":"https:\/\/diversityspace.de\/?product=6-spielfiguren-menschen-mit-behinderung","title":{"rendered":"6 Spielfiguren \u201cMenschen mit Behinderung\u201d"},"content":{"rendered":"<p><a href=\"https:\/\/diversityspace.de\/wp-content\/uploads\/2024\/05\/2024_Buddrus_functional-diversity_AFA.pdf\">2024_Buddrus_functional-diversity_AFA<\/a><\/p>\n<p><strong>Beschreibung des Herstellers<\/strong><\/p>\n<p>Diese Spielfiguren sind die ideale Begleitung um im Rollenspiel in das Land der Fantasie abzutauchen.<\/p>\n<p>Es gibt bei den Figuren \u201cMenschen mit Behinderung\u201d von miniland 6 Spielfiguren, die wie folgt wahrgenommen werden k\u00f6nnen:<\/p>\n<ul>\n<li>Schwarze \u00e4ltere weibliche Person mit Gehgestell<\/li>\n<li>Schwarze m\u00e4nnliche Person mit Gehhilfen und Beinschienen<\/li>\n<li>wei\u00dfe oder PoC weibliche Person mit Sonnebrille und Blindenstock<\/li>\n<li>wei\u00dfe m\u00e4nnliche jugendliche Person mit Basketball, im Rollstuhl sitzend<\/li>\n<li>wei\u00dfe weibliche Person mit einer Augenklappe<\/li>\n<li>wei\u00dfe weibliche Person mit H\u00f6rger\u00e4t, eine Geb\u00e4rde machend \u00a9 miniland<\/li>\n<\/ul>\n<p>&nbsp;<\/p>\n<p><strong>Diversit\u00e4tsreflexivit\u00e4t des Produkts<\/strong><\/p>\n<p>Die Figuren verk\u00f6rpern 6 unterschiedliche Menschen mit einer Behinderung. Neben der Kategorie der k\u00f6rperlichen Verfasstheit wird Alter, Geschlecht und Hautfarbe ebenfalls thematisiert. Heterogenit\u00e4t und Inklusion werden in diesem Material zusammengef\u00fchrt und er\u00f6ffnen Kindern einen toleranten Zugang zur Thematik. Auf Grund der diversen Gestaltung und Aufbereitung der Figuren kommen Kinder mit unterschiedlichen Arten von Behinderung in Ber\u00fchrung und werden sensibilisiert. Oft werden Menschen mit einer Behinderung im Rollstuhl abgebildet, hier ist dies nicht der Fall, wodurch Kinder ein realit\u00e4tsgetreues Bild erfahren.<\/p>\n","protected":false},"excerpt":{"rendered":"<p>2024_Buddrus_functional-diversity_AFA Beschreibung des Herstellers Diese Spielfiguren sind die ideale Begleitung um im Rollenspiel in das Land der Fantasie abzutauchen. Es gibt bei den Figuren \u201cMenschen mit Behinderung\u201d von miniland 6 Spielfiguren, die wie folgt wahrgenommen werden k\u00f6nnen: Schwarze \u00e4ltere weibliche Person mit Gehgestell Schwarze m\u00e4nnliche Person mit Gehhilfen und Beinschienen wei\u00dfe oder PoC weibliche Person [&hellip;]<\/p>\n","protected":false},"featured_media":788,"comment_status":"open","ping_status":"closed","template":"","meta":[],"product_brand":[],"product_cat":[284,282],"product_tag":[201],"class_list":{"0":"post-787","1":"product","2":"type-product","3":"status-publish","4":"has-post-thumbnail","6":"product_cat-body","7":"product_cat-race","8":"product_tag-normalisierung-und-empowerment","10":"first","11":"instock","12":"shipping-taxable","13":"purchasable","14":"product-type-simple"},"_links":{"self":[{"href":"https:\/\/diversityspace.de\/index.php?rest_route=\/wp\/v2\/product\/787","targetHints":{"allow":["GET"]}}],"collection":[{"href":"https:\/\/diversityspace.de\/index.php?rest_route=\/wp\/v2\/product"}],"about":[{"href":"https:\/\/diversityspace.de\/index.php?rest_route=\/wp\/v2\/types\/product"}],"replies":[{"embeddable":true,"href":"https:\/\/diversityspace.de\/index.php?rest_route=%2Fwp%2Fv2%2Fcomments&post=787"}],"wp:featuredmedia":[{"embeddable":true,"href":"https:\/\/diversityspace.de\/index.php?rest_route=\/wp\/v2\/media\/788"}],"wp:attachment":[{"href":"https:\/\/diversityspace.de\/index.php?rest_route=%2Fwp%2Fv2%2Fmedia&parent=787"}],"wp:term":[{"taxonomy":"product_brand","embeddable":true,"href":"https:\/\/diversityspace.de\/index.php?rest_route=%2Fwp%2Fv2%2Fproduct_brand&post=787"},{"taxonomy":"product_cat","embeddable":true,"href":"https:\/\/diversityspace.de\/index.php?rest_route=%2Fwp%2Fv2%2Fproduct_cat&post=787"},{"taxonomy":"product_tag","embeddable":true,"href":"https:\/\/diversityspace.de\/index.php?rest_route=%2Fwp%2Fv2%2Fproduct_tag&post=787"}],"curies":[{"name":"wp","href":"https:\/\/api.w.org\/{rel}","templated":true}]}}