{"id":99,"date":"2020-10-27T09:08:36","date_gmt":"2020-10-27T08:08:36","guid":{"rendered":"https:\/\/diversityspace.de\/?post_type=product&#038;p=99"},"modified":"2024-05-02T10:08:58","modified_gmt":"2024-05-02T08:08:58","slug":"handbuch-inklusion-grundlagen-vorurteilsbewusster-bildung-und-erziehung","status":"publish","type":"product","link":"https:\/\/diversityspace.de\/?product=handbuch-inklusion-grundlagen-vorurteilsbewusster-bildung-und-erziehung","title":{"rendered":"Handbuch Inklusion &#8211; Grundlagen vorurteilsbewusster Bildung und Erziehung"},"content":{"rendered":"<p><strong>Verlagsbeschreibung<\/strong><\/p>\n<p>&#8222;Inklusion fordert dazu auf, Kinder mit all ihren sozialen Identit\u00e4ten zu sehen und nicht zuzulassen, dass sie wegen eines Aspekts ihrer Identit\u00e4t herabgew\u00fcrdigt oder ausgeschlossen werden.<br \/>\nVielfalt respektieren, der Ausgrenzung widerstehen: Diese beiden Anforderungen verkn\u00fcpfen die Autoren konsequent und bieten zus\u00e4tzlich Grundlagenwissen f\u00fcr eine inklusive, vorurteilsbewusste Praxis. Empfehlenswert insbesondere f\u00fcr die Aus- und Fortbildung von p\u00e4dagogischen Fachkr\u00e4ften. Jetzt mit einem zus\u00e4tzlichen Beitrag zu Kindern mit Fluchterfahrung.&#8220; \u00a9 Herder<\/p>\n<p>&nbsp;<\/p>\n<p><strong>Diversit\u00e4tsreflexivit\u00e4t des Produkts<\/strong><\/p>\n<p>Bei dem \u201eHandbuch Inklusion\u201c handelt es sich um ein Buch, dass sich direkt an Mitarbeiter*innen von P\u00e4dagogischen Einrichtungen, haupts\u00e4chlich Kindertageseinrichtungen, richtet. Dabei wird der Aspekt der Inklusion von vielen verschiedenen Seiten beleuchtet. Es geht nicht nur um die Arbeit mit Kindern mit Behinderungen oder F\u00f6rderbedarfen, sondern auch um Kulturelle und auch geschlechtliche Vielfalt unter den Kindern. Immer wieder lassen sich zwei gro\u00dfe Themenbereiche ausmachen.<\/p>\n<p>Der erste gro\u00dfe Themenbereich ist der eigene P\u00e4dagogische Umgang mit Vielfalt. Es geht hier um eine Vorurteilsbewusste Arbeit, die daf\u00fcr sorgen soll, institutionelle Diskriminierungen abzubauen. Ziel soll es sein, allen Kindern den Zugang zu der gleichen, bestm\u00f6glichen Bildung zu gew\u00e4hren.<\/p>\n<p>Im zweiten gro\u00dfen Themenbereich geht es darum, Kindern zu erm\u00f6glichen, Vielfalt als Normalit\u00e4t zu begreifen. Daf\u00fcr werden vor allem Unterschiede in der Herkunft und der Kultur beispielhaft verwendet. Es geht darum, Kindern ein Verst\u00e4ndnis von Moral zu vermitteln, dass dazu f\u00fchren soll, dass Kinder m\u00f6glichst vorurteilsfrei Leben k\u00f6nnen.<\/p>\n","protected":false},"excerpt":{"rendered":"<p>Verlagsbeschreibung &#8222;Inklusion fordert dazu auf, Kinder mit all ihren sozialen Identit\u00e4ten zu sehen und nicht zuzulassen, dass sie wegen eines Aspekts ihrer Identit\u00e4t herabgew\u00fcrdigt oder ausgeschlossen werden. Vielfalt respektieren, der Ausgrenzung widerstehen: Diese beiden Anforderungen verkn\u00fcpfen die Autoren konsequent und bieten zus\u00e4tzlich Grundlagenwissen f\u00fcr eine inklusive, vorurteilsbewusste Praxis. Empfehlenswert insbesondere f\u00fcr die Aus- und Fortbildung [&hellip;]<\/p>\n","protected":false},"featured_media":100,"comment_status":"open","ping_status":"closed","template":"","meta":[],"product_brand":[],"product_cat":[15],"product_tag":[],"class_list":{"0":"post-99","1":"product","2":"type-product","3":"status-publish","4":"has-post-thumbnail","6":"product_cat-unkategorisiert","8":"first","9":"instock","10":"shipping-taxable","11":"purchasable","12":"product-type-simple"},"_links":{"self":[{"href":"https:\/\/diversityspace.de\/index.php?rest_route=\/wp\/v2\/product\/99","targetHints":{"allow":["GET"]}}],"collection":[{"href":"https:\/\/diversityspace.de\/index.php?rest_route=\/wp\/v2\/product"}],"about":[{"href":"https:\/\/diversityspace.de\/index.php?rest_route=\/wp\/v2\/types\/product"}],"replies":[{"embeddable":true,"href":"https:\/\/diversityspace.de\/index.php?rest_route=%2Fwp%2Fv2%2Fcomments&post=99"}],"wp:featuredmedia":[{"embeddable":true,"href":"https:\/\/diversityspace.de\/index.php?rest_route=\/wp\/v2\/media\/100"}],"wp:attachment":[{"href":"https:\/\/diversityspace.de\/index.php?rest_route=%2Fwp%2Fv2%2Fmedia&parent=99"}],"wp:term":[{"taxonomy":"product_brand","embeddable":true,"href":"https:\/\/diversityspace.de\/index.php?rest_route=%2Fwp%2Fv2%2Fproduct_brand&post=99"},{"taxonomy":"product_cat","embeddable":true,"href":"https:\/\/diversityspace.de\/index.php?rest_route=%2Fwp%2Fv2%2Fproduct_cat&post=99"},{"taxonomy":"product_tag","embeddable":true,"href":"https:\/\/diversityspace.de\/index.php?rest_route=%2Fwp%2Fv2%2Fproduct_tag&post=99"}],"curies":[{"name":"wp","href":"https:\/\/api.w.org\/{rel}","templated":true}]}}